CRAN Package Check Results for Package caretEnsemble

Last updated on 2020-04-25 01:52:57 CEST.

Flavor Version Tinstall Tcheck Ttotal Status Flags
r-devel-linux-x86_64-debian-clang 2.0.1 14.30 385.79 400.09 OK
r-devel-linux-x86_64-debian-gcc 2.0.1 10.89 295.67 306.56 OK
r-devel-linux-x86_64-fedora-clang 2.0.1 452.60 OK
r-devel-linux-x86_64-fedora-gcc 2.0.1 437.16 OK
r-devel-windows-ix86+x86_64 2.0.1 51.00 363.00 414.00 OK
r-patched-linux-x86_64 2.0.1 14.08 353.63 367.71 OK
r-patched-osx-x86_64 2.0.1 WARN
r-patched-solaris-x86 2.0.1 674.30 OK
r-release-linux-x86_64 2.0.1 10.55 333.77 344.32 OK
r-release-windows-ix86+x86_64 2.0.1 34.00 349.00 383.00 OK
r-release-osx-x86_64 2.0.1 OK
r-oldrel-windows-ix86+x86_64 2.0.1 15.00 454.00 469.00 OK
r-oldrel-osx-x86_64 2.0.1 OK

Check Details

Version: 2.0.1
Check: re-building of vignette outputs
Result: WARN
    Error(s) in re-building vignettes:
    --- re-building ‘caretEnsemble-intro.Rmd’ using rmarkdown
    Warning in train.default(x, y, weights = w, ...) :
     The metric "Accuracy" was not in the result set. ROC will be used instead.
    Warning: glm.fit: algorithm did not converge
    Warning: glm.fit: fitted probabilities numerically 0 or 1 occurred
    Warning: glm.fit: algorithm did not converge
    Warning: glm.fit: fitted probabilities numerically 0 or 1 occurred
    Warning: glm.fit: algorithm did not converge
    Warning: glm.fit: fitted probabilities numerically 0 or 1 occurred
    Warning: glm.fit: algorithm did not converge
    Warning: glm.fit: fitted probabilities numerically 0 or 1 occurred
    Warning: glm.fit: algorithm did not converge
    Warning: glm.fit: fitted probabilities numerically 0 or 1 occurred
    Warning: glm.fit: algorithm did not converge
    Warning: glm.fit: fitted probabilities numerically 0 or 1 occurred
    Warning: glm.fit: algorithm did not converge
    Warning: glm.fit: fitted probabilities numerically 0 or 1 occurred
    Warning: glm.fit: algorithm did not converge
    Warning: glm.fit: fitted probabilities numerically 0 or 1 occurred
    Warning: glm.fit: algorithm did not converge
    Warning: glm.fit: fitted probabilities numerically 0 or 1 occurred
    Warning: glm.fit: algorithm did not converge
    Warning: glm.fit: fitted probabilities numerically 0 or 1 occurred
    Warning: glm.fit: algorithm did not converge
    Warning: glm.fit: fitted probabilities numerically 0 or 1 occurred
    Warning: glm.fit: algorithm did not converge
    Warning: glm.fit: fitted probabilities numerically 0 or 1 occurred
    Warning: glm.fit: algorithm did not converge
    Warning: glm.fit: fitted probabilities numerically 0 or 1 occurred
    Warning: glm.fit: algorithm did not converge
    Warning: glm.fit: fitted probabilities numerically 0 or 1 occurred
    Warning: glm.fit: algorithm did not converge
    Warning: glm.fit: fitted probabilities numerically 0 or 1 occurred
    Warning: glm.fit: algorithm did not converge
    Warning: glm.fit: fitted probabilities numerically 0 or 1 occurred
    Warning: glm.fit: algorithm did not converge
    Warning: glm.fit: fitted probabilities numerically 0 or 1 occurred
    Warning: glm.fit: algorithm did not converge
    Warning: glm.fit: fitted probabilities numerically 0 or 1 occurred
    Warning: glm.fit: algorithm did not converge
    Warning: glm.fit: fitted probabilities numerically 0 or 1 occurred
    Warning: glm.fit: algorithm did not converge
    Warning: glm.fit: fitted probabilities numerically 0 or 1 occurred
    Warning: glm.fit: algorithm did not converge
    Warning: glm.fit: fitted probabilities numerically 0 or 1 occurred
    Warning: glm.fit: algorithm did not converge
    Warning: glm.fit: fitted probabilities numerically 0 or 1 occurred
    Warning: glm.fit: algorithm did not converge
    Warning: glm.fit: fitted probabilities numerically 0 or 1 occurred
    Warning: glm.fit: algorithm did not converge
    Warning: glm.fit: fitted probabilities numerically 0 or 1 occurred
    Warning: glm.fit: algorithm did not converge
    Warning: glm.fit: fitted probabilities numerically 0 or 1 occurred
    Warning: glm.fit: algorithm did not converge
    Warning: glm.fit: fitted probabilities numerically 0 or 1 occurred
    Warning in train.default(x, y, weights = w, ...) :
     The metric "Accuracy" was not in the result set. ROC will be used instead.
    Warning: glm.fit: algorithm did not converge
    Warning: glm.fit: fitted probabilities numerically 0 or 1 occurred
    Warning: glm.fit: algorithm did not converge
    Warning: glm.fit: fitted probabilities numerically 0 or 1 occurred
    Warning: glm.fit: algorithm did not converge
    Warning: glm.fit: fitted probabilities numerically 0 or 1 occurred
    Warning: glm.fit: algorithm did not converge
    Warning: glm.fit: fitted probabilities numerically 0 or 1 occurred
    Warning: glm.fit: algorithm did not converge
    Warning: glm.fit: fitted probabilities numerically 0 or 1 occurred
    Warning: glm.fit: algorithm did not converge
    Warning: glm.fit: fitted probabilities numerically 0 or 1 occurred
    Warning: glm.fit: algorithm did not converge
    Warning: glm.fit: fitted probabilities numerically 0 or 1 occurred
    Warning: glm.fit: algorithm did not converge
    Warning: glm.fit: fitted probabilities numerically 0 or 1 occurred
    Warning: glm.fit: algorithm did not converge
    Warning: glm.fit: fitted probabilities numerically 0 or 1 occurred
    Warning: glm.fit: algorithm did not converge
    Warning: glm.fit: fitted probabilities numerically 0 or 1 occurred
    Warning: glm.fit: algorithm did not converge
    Warning: glm.fit: fitted probabilities numerically 0 or 1 occurred
    Warning: glm.fit: algorithm did not converge
    Warning: glm.fit: fitted probabilities numerically 0 or 1 occurred
    Warning: glm.fit: algorithm did not converge
    Warning: glm.fit: fitted probabilities numerically 0 or 1 occurred
    Warning: glm.fit: algorithm did not converge
    Warning: glm.fit: fitted probabilities numerically 0 or 1 occurred
    Warning: glm.fit: algorithm did not converge
    Warning: glm.fit: fitted probabilities numerically 0 or 1 occurred
    Warning: glm.fit: algorithm did not converge
    Warning: glm.fit: fitted probabilities numerically 0 or 1 occurred
    Warning: glm.fit: algorithm did not converge
    Warning: glm.fit: fitted probabilities numerically 0 or 1 occurred
    Warning: glm.fit: algorithm did not converge
    Warning: glm.fit: fitted probabilities numerically 0 or 1 occurred
    Warning: glm.fit: algorithm did not converge
    Warning: glm.fit: fitted probabilities numerically 0 or 1 occurred
    Warning: glm.fit: algorithm did not converge
    Warning: glm.fit: fitted probabilities numerically 0 or 1 occurred
    Warning: glm.fit: algorithm did not converge
    Warning: glm.fit: fitted probabilities numerically 0 or 1 occurred
    Warning: glm.fit: algorithm did not converge
    Warning: glm.fit: fitted probabilities numerically 0 or 1 occurred
    Warning: glm.fit: algorithm did not converge
    Warning: glm.fit: fitted probabilities numerically 0 or 1 occurred
    Warning: glm.fit: algorithm did not converge
    Warning: glm.fit: fitted probabilities numerically 0 or 1 occurred
    Warning: glm.fit: algorithm did not converge
    Warning: glm.fit: fitted probabilities numerically 0 or 1 occurred
    Warning: glm.fit: algorithm did not converge
    Warning: glm.fit: fitted probabilities numerically 0 or 1 occurred
    dyld: lazy symbol binding failed: Symbol not found: ____chkstk_darwin
     Referenced from: /usr/local/bin/pandoc (which was built for Mac OS X 10.15)
     Expected in: /usr/lib/libSystem.B.dylib
    
    dyld: Symbol not found: ____chkstk_darwin
     Referenced from: /usr/local/bin/pandoc (which was built for Mac OS X 10.15)
     Expected in: /usr/lib/libSystem.B.dylib
    
    Error: processing vignette 'caretEnsemble-intro.Rmd' failed with diagnostics:
    pandoc document conversion failed with error 6
    --- failed re-building ‘caretEnsemble-intro.Rmd’
    
    SUMMARY: processing the following file failed:
     ‘caretEnsemble-intro.Rmd’
    
    Error: Vignette re-building failed.
    Execution halted
Flavor: r-patched-osx-x86_64