CRAN Package Check Results for Package camtrapR

Last updated on 2020-04-25 01:52:57 CEST.

Flavor Version Tinstall Tcheck Ttotal Status Flags
r-devel-linux-x86_64-debian-clang 2.0.2 25.37 209.24 234.61 OK
r-devel-linux-x86_64-debian-gcc 2.0.2 14.56 158.84 173.40 OK
r-devel-linux-x86_64-fedora-clang 2.0.2 277.98 NOTE
r-devel-linux-x86_64-fedora-gcc 2.0.2 289.42 OK
r-devel-windows-ix86+x86_64 2.0.1 13.00 9.00 22.00 ERROR
r-patched-linux-x86_64 2.0.2 19.39 200.80 220.19 OK
r-patched-osx-x86_64 1.2.3 WARN
r-patched-solaris-x86 2.0.2 247.90 NOTE --no-vignettes
r-release-linux-x86_64 2.0.1 17.45 186.53 203.98 OK
r-release-windows-ix86+x86_64 2.0.1 48.00 293.00 341.00 NOTE
r-release-osx-x86_64 2.0.2 NOTE
r-oldrel-windows-ix86+x86_64 2.0.2 26.00 193.00 219.00 WARN
r-oldrel-osx-x86_64 1.2.3 WARN

Check Details

Version: 2.0.2
Check: installed package size
Result: NOTE
     installed size is 8.6Mb
     sub-directories of 1Mb or more:
     doc 4.0Mb
     pictures 4.0Mb
Flavors: r-devel-linux-x86_64-fedora-clang, r-release-osx-x86_64, r-oldrel-windows-ix86+x86_64

Version: 2.0.1
Check: whether package can be installed
Result: ERROR
    Installation failed.
Flavor: r-devel-windows-ix86+x86_64

Version: 1.2.3
Check: re-building of vignette outputs
Result: WARN
    Error(s) in re-building vignettes:
    --- re-building ‘DataExploration.Rmd’ using rmarkdown
    Loading required package: sp
    rgdal: version: 1.4-8, (SVN revision 845)
     Geospatial Data Abstraction Library extensions to R successfully loaded
     Loaded GDAL runtime: GDAL 2.4.2, released 2019/06/28
     Path to GDAL shared files: /Volumes/Builds/packages/high-sierra-x86_64/Rlib/4.0/rgdal/gdal
     GDAL binary built with GEOS: FALSE
     Loaded PROJ.4 runtime: Rel. 5.2.0, September 15th, 2018, [PJ_VERSION: 520]
     Path to PROJ.4 shared files: /Volumes/Builds/packages/high-sierra-x86_64/Rlib/4.0/rgdal/proj
     Linking to sp version: 1.4-1
    dyld: lazy symbol binding failed: Symbol not found: ____chkstk_darwin
     Referenced from: /usr/local/bin/pandoc (which was built for Mac OS X 10.15)
     Expected in: /usr/lib/libSystem.B.dylib
    
    dyld: Symbol not found: ____chkstk_darwin
     Referenced from: /usr/local/bin/pandoc (which was built for Mac OS X 10.15)
     Expected in: /usr/lib/libSystem.B.dylib
    
    Error: processing vignette 'DataExploration.Rmd' failed with diagnostics:
    pandoc document conversion failed with error 6
    --- failed re-building ‘DataExploration.Rmd’
    
    --- re-building ‘DataExtraction.Rmd’ using rmarkdown
    This is secr 4.2.0. For overview type ?secr
    Quitting from lines 51-55 (DataExtraction.Rmd)
    Error: processing vignette 'DataExtraction.Rmd' failed with diagnostics:
    cannot find ExifTool
    --- failed re-building ‘DataExtraction.Rmd’
    
    --- re-building ‘ImageOrganisation.Rmd’ using rmarkdown
    Quitting from lines 235-250 (ImageOrganisation.Rmd)
    Error: processing vignette 'ImageOrganisation.Rmd' failed with diagnostics:
    cannot find ExifTool
    --- failed re-building ‘ImageOrganisation.Rmd’
    
    --- re-building ‘SpeciesIndividualIdentification.Rmd’ using rmarkdown
    Quitting from lines 346-354 (SpeciesIndividualIdentification.Rmd)
    Error: processing vignette 'SpeciesIndividualIdentification.Rmd' failed with diagnostics:
    cannot find ExifTool
    --- failed re-building ‘SpeciesIndividualIdentification.Rmd’
    
    SUMMARY: processing the following files failed:
     ‘DataExploration.Rmd’ ‘DataExtraction.Rmd’ ‘ImageOrganisation.Rmd’
     ‘SpeciesIndividualIdentification.Rmd’
    
    Error: Vignette re-building failed.
    Execution halted
Flavor: r-patched-osx-x86_64

Version: 2.0.2
Flags: --no-vignettes
Check: installed package size
Result: NOTE
     installed size is 8.7Mb
     sub-directories of 1Mb or more:
     doc 4.2Mb
     pictures 3.7Mb
Flavor: r-patched-solaris-x86

Version: 2.0.1
Check: installed package size
Result: NOTE
     installed size is 8.5Mb
     sub-directories of 1Mb or more:
     doc 4.0Mb
     pictures 3.9Mb
Flavor: r-release-windows-ix86+x86_64

Version: 2.0.2
Check: re-building of vignette outputs
Result: WARN
    Error in re-building vignettes:
     ...
    Warning: [minor] Entries in IFD0 were out of sequence. Fixed. - D:/temp/RtmpesunEF/raw_images/StationA/IMG0001.JPG
    Warning: [minor] Entries in IFD0 were out of sequence. Fixed. - D:/temp/RtmpesunEF/raw_images/StationA/IMG0002.JPG
    Warning: [minor] Entries in IFD0 were out of sequence. Fixed. - D:/temp/RtmpesunEF/raw_images/StationA/IMG0003.JPG
    Warning: [minor] Entries in IFD0 were out of sequence. Fixed. - D:/temp/RtmpesunEF/raw_images/StationB/IMG0001.JPG
    Warning: [minor] Entries in IFD0 were out of sequence. Fixed. - D:/temp/RtmpesunEF/raw_images/StationB/IMG0002.JPG
    Warning: [minor] Entries in IFD0 were out of sequence. Fixed. - D:/temp/RtmpesunEF/raw_images/StationB/IMG0003.JPG
    Warning: [minor] Entries in IFD0 were out of sequence. Fixed. - D:/temp/RtmpesunEF/sample_images_species_dir/StationA/PBE/StationA__2009-04-21__00-40-00(1).JPG
    Warning: [minor] Entries in IFD0 were out of sequence. Fixed. - D:/temp/RtmpesunEF/sample_images_species_dir/StationA/PBE/StationA__2009-04-22__20-19-00(1).JPG
    Warning: [minor] Entries in IFD0 were out of sequence. Fixed. - D:/temp/RtmpesunEF/sample_images_species_dir/StationA/PBE/StationA__2009-04-22__20-21-00(1).JPG
    Warning: [minor] Entries in IFD0 were out of sequence. Fixed. - D:/temp/RtmpesunEF/sample_images_species_dir/StationA/PBE/StationA__2009-04-23__00-07-00(1).JPG
    Warning: [minor] Entries in IFD0 were out of sequence. Fixed. - D:/temp/RtmpesunEF/sample_images_species_dir/StationA/PBE/StationA__2009-04-23__00-09-00(1).JPG
    Warning: [minor] Entries in IFD0 were out of sequence. Fixed. - D:/temp/RtmpesunEF/sample_images_species_dir/StationA/PBE/StationA__2009-05-07__17-11-00(1).JPG
    Warning: [minor] Entries in IFD0 were out of sequence. Fixed. - D:/temp/RtmpesunEF/sample_images_species_dir/StationA/VTA/StationA__2009-04-10__05-07-00(1).JPG
    Warning: [minor] Entries in IFD0 were out of sequence. Fixed. - D:/temp/RtmpesunEF/sample_images_species_dir/StationA/VTA/StationA__2009-05-06__19-06-00(1).JPG
    Warning: [minor] Entries in IFD0 were out of sequence. Fixed. - D:/temp/RtmpesunEF/sample_images_species_dir/StationB/MNE/StationB__2009-04-15__07-21-00(1).JPG
    Warning: [minor] Entries in IFD0 were out of sequence. Fixed. - D:/temp/RtmpesunEF/sample_images_species_dir/StationB/MNE/StationB__2009-04-15__07-23-00(1).JPG
    Warning: [minor] Entries in IFD0 were out of sequence. Fixed. - D:/temp/RtmpesunEF/sample_images_species_dir/StationB/MNE/StationB__2009-04-28__17-47-00(1).JPG
    Warning: [minor] Entries in IFD0 were out of sequence. Fixed. - D:/temp/RtmpesunEF/sample_images_species_dir/StationB/MNE/StationB__2009-04-28__17-47-00(2).JPG
    Warning: [minor] Entries in IFD0 were out of sequence. Fixed. - D:/temp/RtmpesunEF/sample_images_species_dir/StationB/MNE/StationB__2009-04-28__17-48-00(1).JPG
    Warning: [minor] Entries in IFD0 were out of sequence. Fixed. - D:/temp/RtmpesunEF/sample_images_species_dir/StationB/MNE/StationB__2009-04-28__17-48-00(2).JPG
    Warning: [minor] Entries in IFD0 were out of sequence. Fixed. - D:/temp/RtmpesunEF/sample_images_species_dir/StationB/MNE/StationB__2009-04-28__17-48-00(3).JPG
    Warning: [minor] Entries in IFD0 were out of sequence. Fixed. - D:/temp/RtmpesunEF/sample_images_species_dir/StationB/MNE/StationB__2009-04-28__17-49-00(1).JPG
    Warning: [minor] Entries in IFD0 were out of sequence. Fixed. - D:/temp/RtmpesunEF/sample_images_species_dir/StationB/MNE/StationB__2009-04-28__17-49-00(2).JPG
    Warning: [minor] Entries in IFD0 were out of sequence. Fixed. - D:/temp/RtmpesunEF/sample_images_species_dir/StationB/MNE/StationB__2009-04-28__17-49-00(3).JPG
    Warning: [minor] Entries in IFD0 were out of sequence. Fixed. - D:/temp/RtmpesunEF/sample_images_species_dir/StationB/PBE/StationB__2009-04-05__00-11-00(1).JPG
    Warning: [minor] Entries in IFD0 were out of sequence. Fixed. - D:/temp/RtmpesunEF/sample_images_species_dir/StationB/PBE/StationB__2009-04-05__23-13-00(1).JPG
    Warning: [minor] Entries in IFD0 were out of sequence. Fixed. - D:/temp/RtmpesunEF/sample_images_species_dir/StationB/PBE/StationB__2009-04-07__00-23-00(1).JPG
    Warning: [minor] Entries in IFD0 were out of sequence. Fixed. - D:/temp/RtmpesunEF/sample_images_species_dir/StationB/PBE/StationB__2009-04-10__04-07-00(1).JPG
    Warning: [minor] Entries in IFD0 were out of sequence. Fixed. - D:/temp/RtmpesunEF/sample_images_species_dir/StationB/PBE/StationB__2009-04-10__04-08-00(1).JPG
    Warning: [minor] Entries in IFD0 were out of sequence. Fixed. - D:/temp/RtmpesunEF/sample_images_species_dir/StationB/PBE/StationB__2009-04-14__06-13-00(1).JPG
    Warning: [minor] Entries in IFD0 were out of sequence. Fixed. - D:/temp/RtmpesunEF/sample_images_species_dir/StationB/PBE/StationB__2009-04-24__22-54-00(1).JPG
    Warning: [minor] Entries in IFD0 were out of sequence. Fixed. - D:/temp/RtmpesunEF/sample_images_species_dir/StationB/PBE/StationB__2009-04-25__04-33-00(1).JPG
    Warning: [minor] Entries in IFD0 were out of sequence. Fixed. - D:/temp/RtmpesunEF/sample_images_species_dir/StationB/PBE/StationB__2009-04-25__04-33-00(2).JPG
    Warning: [minor] Entries in IFD0 were out of sequence. Fixed. - D:/temp/RtmpesunEF/sample_images_species_dir/StationB/PBE/StationB__2009-05-14__02-11-00(1).JPG
    Warning: [minor] Entries in IFD0 were out of sequence. Fixed. - D:/temp/RtmpesunEF/sample_images_species_dir/StationB/UNID/StationB__2009-05-07__18-45-00(1).JPG
    Warning: [minor] Entries in IFD0 were out of sequence. Fixed. - D:/temp/RtmpesunEF/sample_images_species_dir/StationB/VTA/StationB__2009-04-15__19-12-00(1).JPG
    Warning: [minor] Entries in IFD0 were out of sequence. Fixed. - D:/temp/RtmpesunEF/sample_images_species_dir/StationB/VTA/StationB__2009-04-27__05-07-00(1).JPG
    Warning: [minor] Entries in IFD0 were out of sequence. Fixed. - D:/temp/RtmpesunEF/sample_images_species_dir/StationC/EGY/StationC__2009-04-06__03-49-00(1).JPG
    Warning: [minor] Entries in IFD0 were out of sequence. Fixed. - D:/temp/RtmpesunEF/sample_images_species_dir/StationC/EGY/StationC__2009-04-12__20-26-00(1).JPG
    Warning: [minor] Entries in IFD0 were out of sequence. Fixed. - D:/temp/RtmpesunEF/sample_images_species_dir/StationC/EGY/StationC__2009-04-12__20-26-00(2).JPG
    Warning: [minor] Entries in IFD0 were out of sequence. Fixed. - D:/temp/RtmpesunEF/sample_images_species_dir/StationC/EGY/StationC__2009-04-23__02-25-00(1).JPG
    Warning: [minor] Entries in IFD0 were out of sequence. Fixed. - D:/temp/RtmpesunEF/sample_images_species_dir/StationC/EGY/StationC__2009-04-23__02-27-00(1).JPG
    Warning: [minor] Entries in IFD0 were out of sequence. Fixed. - D:/temp/RtmpesunEF/sample_images_species_dir/StationC/EGY/StationC__2009-04-25__03-09-00(1).JPG
    Warning: [minor] Entries in IFD0 were out of sequence. Fixed. - D:/temp/RtmpesunEF/sample_images_species_dir/StationC/EGY/StationC__2009-04-27__00-17-00(1).JPG
    Warning: [minor] Entries in IFD0 were out of sequence. Fixed. - D:/temp/RtmpesunEF/sample_images_species_dir/StationC/EGY/StationC__2009-05-02__03-35-00(1).JPG
    Warning: [minor] Entries in IFD0 were out of sequence. Fixed. - D:/temp/RtmpesunEF/sample_images_species_dir/StationC/EGY/StationC__2009-05-02__03-36-00(1).JPG
    Warning: [minor] Entries in IFD0 were out of sequence. Fixed. - D:/temp/RtmpesunEF/sample_images_species_dir/StationC/PBE/StationC__2009-04-06__03-00-00(1).JPG
    Warning: [minor] Entries in IFD0 were out of sequence. Fixed. - D:/temp/RtmpesunEF/sample_images_species_dir/StationC/PBE/StationC__2009-04-06__03-00-00(2).JPG
    Warning: [minor] Entries in IFD0 were out of sequence. Fixed. - D:/temp/RtmpesunEF/sample_images_species_dir/StationC/PBE/StationC__2009-04-14__23-30-00(1).JPG
    Warning: [minor] Entries in IFD0 were out of sequence. Fixed. - D:/temp/RtmpesunEF/sample_images_species_dir/StationC/PBE/StationC__2009-04-14__23-30-00(2).JPG
    Warning: [minor] Entries in IFD0 were out of sequence. Fixed. - D:/temp/RtmpesunEF/sample_images_species_dir/StationC/PBE/StationC__2009-04-18__22-57-00(1).JPG
    Warning: [minor] Entries in IFD0 were out of sequence. Fixed. - D:/temp/RtmpesunEF/sample_images_species_dir/StationC/PBE/StationC__2009-04-23__03-33-00(1).JPG
    Warning: [minor] Entries in IFD0 were out of sequence. Fixed. - D:/temp/RtmpesunEF/sample_images_species_dir/StationC/PBE/StationC__2009-04-23__03-34-00(1).JPG
    Warning: [minor] Entries in IFD0 were out of sequence. Fixed. - D:/temp/RtmpesunEF/sample_images_species_dir/StationC/PBE/StationC__2009-05-05__18-24-00(1).JPG
    Warning: [minor] Entries in IFD0 were out of sequence. Fixed. - D:/temp/RtmpesunEF/sample_images_species_dir/StationC/PBE/StationC__2009-05-05__18-25-00(1).JPG
    Warning: [minor] Entries in IFD0 were out of sequence. Fixed. - D:/temp/RtmpesunEF/sample_images_species_dir/StationC/PBE/StationC__2009-05-07__18-47-00(1).JPG
    Warning: [minor] Entries in IFD0 were out of sequence. Fixed. - D:/temp/RtmpesunEF/sample_images_species_dir/StationC/TRA/StationC__2009-04-11__21-44-00(1).JPG
    Warning: [minor] Entries in IFD0 were out of sequence. Fixed. - D:/temp/RtmpesunEF/sample_images_species_dir/StationC/TRA/StationC__2009-04-11__21-46-00(1).JPG
    Warning: [minor] Entries in IFD0 were out of sequence. Fixed. - D:/temp/RtmpesunEF/sample_images_species_dir/StationC/TRA/StationC__2009-04-11__21-46-00(2).JPG
    Warning: [minor] Entries in IFD0 were out of sequence. Fixed. - D:/temp/RtmpesunEF/sample_images_species_dir/StationC/TRA/StationC__2009-04-13__22-38-00(1).JPG
    Warning: [minor] Entries in IFD0 were out of sequence. Fixed. - D:/temp/RtmpesunEF/sample_images_species_dir/StationC/TRA/StationC__2009-04-13__22-38-00(2).JPG
    Warning: [minor] Entries in IFD0 were out of sequence. Fixed. - D:/temp/RtmpesunEF/sample_images_species_dir/StationC/TRA/StationC__2009-04-14__00-18-00(1).JPG
    Warning: [minor] Entries in IFD0 were out of sequence. Fixed. - D:/temp/RtmpesunEF/sample_images_species_dir/StationC/TRA/StationC__2009-04-14__00-18-00(2).JPG
    Warning: [minor] Entries in IFD0 were out of sequence. Fixed. - D:/temp/RtmpesunEF/sample_images_species_dir/StationC/TRA/StationC__2009-04-24__19-26-00(1).JPG
    Warning: [minor] Entries in IFD0 were out of sequence. Fixed. - D:/temp/RtmpesunEF/sample_images_species_dir/StationC/TRA/StationC__2009-04-24__19-27-00(1).JPG
    Warning: [minor] Entries in IFD0 were out of sequence. Fixed. - D:/temp/RtmpesunEF/sample_images_species_dir/StationC/TRA/StationC__2009-04-27__00-19-00(1).JPG
    Warning: [minor] Entries in IFD0 were out of sequence. Fixed. - D:/temp/RtmpesunEF/sample_images_species_dir/StationC/TRA/StationC__2009-04-27__00-20-00(1).JPG
    Warning: [minor] Entries in IFD0 were out of sequence. Fixed. - D:/temp/RtmpesunEF/sample_images_species_dir/StationC/TRA/StationC__2009-05-01__20-10-00(1).JPG
    Warning: [minor] Entries in IFD0 were out of sequence. Fixed. - D:/temp/RtmpesunEF/sample_images_species_dir/StationC/TRA/StationC__2009-05-01__20-12-00(1).JPG
    Warning: [minor] Entries in IFD0 were out of sequence. Fixed. - D:/temp/RtmpesunEF/sample_images_species_dir/StationC/TRA/StationC__2009-05-02__00-10-00(1).JPG
    Warning: [minor] Entries in IFD0 were out of sequence. Fixed. - D:/temp/RtmpesunEF/sample_images_species_dir/StationC/TRA/StationC__2009-05-02__00-11-00(1).JPG
    Warning: [minor] Entries in IFD0 were out of sequence. Fixed. - D:/temp/RtmpesunEF/sample_images_species_dir/StationC/TRA/StationC__2009-05-12__02-32-00(1).JPG
    Warning: [minor] Entries in IFD0 were out of sequence. Fixed. - D:/temp/RtmpesunEF/sample_images_species_dir/StationC/TRA/StationC__2009-05-12__02-34-00(1).JPG
    Warning: [minor] Entries in IFD0 were out of sequence. Fixed. - D:/temp/RtmpesunEF/sample_images_species_dir/StationC/VTA/StationC__2009-04-24__02-57-00(1).JPG
    This is secr 4.2.2. For overview type ?secr
    Quitting from lines 293-296 (camtrapr3.Rmd)
    Error: processing vignette 'camtrapr3.Rmd' failed with diagnostics:
    unused argument (rev = TRUE)
    Execution halted
Flavor: r-oldrel-windows-ix86+x86_64

Version: 1.2.3
Check: re-building of vignette outputs
Result: WARN
    Error in re-building vignettes:
     ...
    Warning in engine$weave(file, quiet = quiet, encoding = enc) :
     Pandoc (>= 1.12.3) and/or pandoc-citeproc not available. Falling back to R Markdown v1.
    Loading required package: sp
    rgdal: version: 1.4-8, (SVN revision 845)
     Geospatial Data Abstraction Library extensions to R successfully loaded
     Loaded GDAL runtime: GDAL 2.4.2, released 2019/06/28
     Path to GDAL shared files: /Volumes/SSD-Data/Builds/R-dev-web/QA/Simon/packages/el-capitan-x86_64/Rlib/3.5/rgdal/gdal
     GDAL binary built with GEOS: FALSE
     Loaded PROJ.4 runtime: Rel. 5.2.0, September 15th, 2018, [PJ_VERSION: 520]
     Path to PROJ.4 shared files: /Volumes/SSD-Data/Builds/R-dev-web/QA/Simon/packages/el-capitan-x86_64/Rlib/3.5/rgdal/proj
     Linking to sp version: 1.3-2
    Warning in engine$weave(file, quiet = quiet, encoding = enc) :
     Pandoc (>= 1.12.3) and/or pandoc-citeproc not available. Falling back to R Markdown v1.
    This is secr 4.1.0. For overview type ?secr
    
    Attaching package: 'secr'
    
    The following objects are masked from 'package:raster':
    
     flip, rotate, shift, trim
    
    Quitting from lines 51-55 (DataExtraction.Rmd)
    Error: processing vignette 'DataExtraction.Rmd' failed with diagnostics:
    cannot find ExifTool
    Execution halted
Flavor: r-oldrel-osx-x86_64