CRAN Package Check Results for Package caffsim

Last updated on 2020-04-25 01:52:57 CEST.

Flavor Version Tinstall Tcheck Ttotal Status Flags
r-devel-linux-x86_64-debian-clang 0.2.2 9.73 83.08 92.81 OK
r-devel-linux-x86_64-debian-gcc 0.2.2 8.11 63.38 71.49 OK
r-devel-linux-x86_64-fedora-clang 0.2.2 112.59 NOTE
r-devel-linux-x86_64-fedora-gcc 0.2.2 110.27 NOTE
r-devel-windows-ix86+x86_64 0.2.2 37.00 92.00 129.00 OK
r-patched-linux-x86_64 0.2.2 9.29 79.98 89.27 OK
r-patched-osx-x86_64 0.2.2 NOTE
r-patched-solaris-x86 0.2.2 161.90 NOTE
r-release-linux-x86_64 0.2.2 8.61 72.68 81.29 OK
r-release-windows-ix86+x86_64 0.2.2 29.00 123.00 152.00 OK
r-release-osx-x86_64 0.2.2 NOTE
r-oldrel-windows-ix86+x86_64 0.2.2 11.00 87.00 98.00 OK
r-oldrel-osx-x86_64 0.2.2 NOTE

Check Details

Version: 0.2.2
Check: dependencies in R code
Result: NOTE
    Namespace in Imports field not imported from: ‘markdown’
     All declared Imports should be used.
Flavors: r-devel-linux-x86_64-fedora-clang, r-devel-linux-x86_64-fedora-gcc, r-patched-osx-x86_64, r-patched-solaris-x86, r-release-osx-x86_64, r-oldrel-osx-x86_64