Last updated on 2020-04-25 01:52:57 CEST.
Flavor | Version | Tinstall | Tcheck | Ttotal | Status | Flags |
---|---|---|---|---|---|---|
r-devel-linux-x86_64-debian-clang | 1.18.0 | 6.12 | 33.00 | 39.12 | OK | |
r-devel-linux-x86_64-debian-gcc | 1.18.0 | 4.39 | 25.37 | 29.76 | OK | |
r-devel-linux-x86_64-fedora-clang | 1.18.0 | 47.80 | OK | |||
r-devel-linux-x86_64-fedora-gcc | 1.18.0 | 46.25 | OK | |||
r-devel-windows-ix86+x86_64 | 1.18.0 | 19.00 | 61.00 | 80.00 | OK | |
r-patched-linux-x86_64 | 1.18.0 | 5.22 | 31.94 | 37.16 | OK | |
r-patched-osx-x86_64 | 1.18.0 | OK | ||||
r-patched-solaris-x86 | 1.18.0 | 72.60 | OK | |||
r-release-linux-x86_64 | 1.18.0 | 4.31 | 30.24 | 34.55 | OK | |
r-release-windows-ix86+x86_64 | 1.18.0 | 23.00 | 63.00 | 86.00 | OK | |
r-release-osx-x86_64 | 1.18.0 | OK | ||||
r-oldrel-windows-ix86+x86_64 | 1.17.1.4 | 17.00 | 78.00 | 95.00 | OK | |
r-oldrel-osx-x86_64 | 1.18.0 | ERROR |
Version: 1.18.0
Check: whether package can be installed
Result: ERROR
Installation failed.
Flavor: r-oldrel-osx-x86_64