CRAN Package Check Results for Package c14bazAAR

Last updated on 2020-04-25 01:52:57 CEST.

Flavor Version Tinstall Tcheck Ttotal Status Flags
r-devel-linux-x86_64-debian-clang 1.2.0 3.63 66.28 69.91 OK
r-devel-linux-x86_64-debian-gcc 1.2.0 3.44 49.62 53.06 OK
r-devel-linux-x86_64-fedora-clang 1.2.0 91.93 OK
r-devel-linux-x86_64-fedora-gcc 1.2.0 89.61 OK
r-devel-windows-ix86+x86_64 1.2.0 16.00 77.00 93.00 OK
r-patched-linux-x86_64 1.2.0 3.37 62.91 66.28 OK
r-patched-osx-x86_64 1.2.0 WARN
r-patched-solaris-x86 1.2.0 116.00 WARN
r-release-linux-x86_64 1.2.0 3.30 58.75 62.05 OK
r-release-windows-ix86+x86_64 1.2.0 13.00 108.00 121.00 OK
r-release-osx-x86_64 1.2.0 WARN
r-oldrel-windows-ix86+x86_64 1.2.0 6.00 80.00 86.00 OK
r-oldrel-osx-x86_64 1.2.0 OK

Check Details

Version: 1.2.0
Check: re-building of vignette outputs
Result: WARN
    Error(s) in re-building vignettes:
     ...
    --- re-building ‘simple_plotting.Rmd’ using rmarkdown
    Warning: Removed 4550 row(s) containing missing values (geom_path).
    Warning in st_point_on_surface.sfc(sf::st_zm(x)) :
     st_point_on_surface may not give correct results for longitude/latitude data
    Warning: Removed 3 rows containing missing values (geom_text).
    dyld: lazy symbol binding failed: Symbol not found: ____chkstk_darwin
     Referenced from: /usr/local/bin/pandoc (which was built for Mac OS X 10.15)
     Expected in: /usr/lib/libSystem.B.dylib
    
    dyld: Symbol not found: ____chkstk_darwin
     Referenced from: /usr/local/bin/pandoc (which was built for Mac OS X 10.15)
     Expected in: /usr/lib/libSystem.B.dylib
    
    Error: processing vignette 'simple_plotting.Rmd' failed with diagnostics:
    pandoc document conversion failed with error 6
    --- failed re-building ‘simple_plotting.Rmd’
    
    SUMMARY: processing the following file failed:
     ‘simple_plotting.Rmd’
    
    Error: Vignette re-building failed.
    Execution halted
Flavor: r-patched-osx-x86_64

Version: 1.2.0
Check: re-building of vignette outputs
Result: WARN
    Error(s) in re-building vignettes:
     ...
    --- re-building ‘simple_plotting.Rmd’ using rmarkdown
    Warning in engine$weave(file, quiet = quiet, encoding = enc) :
     Pandoc (>= 1.12.3) and/or pandoc-citeproc not available. Falling back to R Markdown v1.
    Warning: Removed 4550 row(s) containing missing values (geom_path).
    Quitting from lines 173-174 (simple_plotting.Rmd)
    Error: processing vignette 'simple_plotting.Rmd' failed with diagnostics:
    cannot open the connection
    --- failed re-building ‘simple_plotting.Rmd’
    
    SUMMARY: processing the following file failed:
     ‘simple_plotting.Rmd’
    
    Error: Vignette re-building failed.
    Execution halted
Flavor: r-patched-solaris-x86

Version: 1.2.0
Check: re-building of vignette outputs
Result: WARN
    Error(s) in re-building vignettes:
     ...
    --- re-building ‘simple_plotting.Rmd’ using rmarkdown
    Warning in engine$weave(file, quiet = quiet, encoding = enc) :
     Pandoc (>= 1.12.3) and/or pandoc-citeproc not available. Falling back to R Markdown v1.
    Warning: Removed 4550 rows containing missing values (geom_path).
    Quitting from lines 173-174 (simple_plotting.Rmd)
    Error: processing vignette 'simple_plotting.Rmd' failed with diagnostics:
    cannot open the connection
    --- failed re-building ‘simple_plotting.Rmd’
    
    SUMMARY: processing the following file failed:
     ‘simple_plotting.Rmd’
    
    Error: Vignette re-building failed.
    Execution halted
Flavor: r-release-osx-x86_64