CRAN Package Check Results for Package bysykkel

Last updated on 2020-04-25 01:52:57 CEST.

Flavor Version Tinstall Tcheck Ttotal Status Flags
r-devel-linux-x86_64-debian-clang 0.3.1 5.40 40.79 46.19 OK
r-devel-linux-x86_64-debian-gcc 0.3.1 3.96 31.19 35.15 OK
r-devel-linux-x86_64-fedora-clang 0.3.1 56.99 OK
r-devel-linux-x86_64-fedora-gcc 0.3.1 55.66 OK
r-devel-windows-ix86+x86_64 0.3.1 15.00 76.00 91.00 OK
r-patched-linux-x86_64 0.3.1 4.53 38.91 43.44 OK
r-patched-osx-x86_64 0.2.3 NOTE
r-patched-solaris-x86 0.3.1 75.90 OK
r-release-linux-x86_64 0.3.1 4.72 37.46 42.18 OK
r-release-windows-ix86+x86_64 0.3.1 11.00 71.00 82.00 OK
r-release-osx-x86_64 0.3.1 OK
r-oldrel-windows-ix86+x86_64 0.3.1 5.00 46.00 51.00 OK
r-oldrel-osx-x86_64 0.2.3 NOTE

Check Details

Version: 0.2.3
Check: dependencies in R code
Result: NOTE
    Namespace in Imports field not imported from: ‘magrittr’
     All declared Imports should be used.
Flavors: r-patched-osx-x86_64, r-oldrel-osx-x86_64