CRAN Package Check Results for Package bvls

Last updated on 2020-04-25 01:52:57 CEST.

Flavor Version Tinstall Tcheck Ttotal Status Flags
r-devel-linux-x86_64-debian-clang 1.4 2.78 17.44 20.22 NOTE
r-devel-linux-x86_64-debian-gcc 1.4 2.26 14.14 16.40 NOTE
r-devel-linux-x86_64-fedora-clang 1.4 25.61 NOTE
r-devel-linux-x86_64-fedora-gcc 1.4 25.20 NOTE
r-devel-windows-ix86+x86_64 1.4 9.00 30.00 39.00 NOTE
r-patched-linux-x86_64 1.4 2.83 17.21 20.04 NOTE
r-patched-osx-x86_64 1.4 NOTE
r-patched-solaris-x86 1.4 43.30 NOTE
r-release-linux-x86_64 1.4 2.26 16.55 18.81 NOTE
r-release-windows-ix86+x86_64 1.4 7.00 46.00 53.00 NOTE
r-release-osx-x86_64 1.4 NOTE
r-oldrel-windows-ix86+x86_64 1.4 5.00 31.00 36.00 NOTE
r-oldrel-osx-x86_64 1.4 NOTE

Check Details

Version: 1.4
Check: DESCRIPTION meta-information
Result: NOTE
    Malformed Description field: should contain one or more complete sentences.
Flavors: r-devel-linux-x86_64-debian-clang, r-devel-linux-x86_64-debian-gcc, r-devel-linux-x86_64-fedora-clang, r-devel-linux-x86_64-fedora-gcc, r-devel-windows-ix86+x86_64, r-patched-linux-x86_64, r-patched-osx-x86_64, r-patched-solaris-x86, r-release-linux-x86_64, r-release-windows-ix86+x86_64, r-release-osx-x86_64, r-oldrel-windows-ix86+x86_64, r-oldrel-osx-x86_64

Version: 1.4
Check: compiled code
Result: NOTE
    File ‘bvls/libs/bvls.so’:
     Found no calls to: ‘R_registerRoutines’, ‘R_useDynamicSymbols’
    
    It is good practice to register native routines and to disable symbol
    search.
    
    See ‘Writing portable packages’ in the ‘Writing R Extensions’ manual.
Flavors: r-devel-linux-x86_64-fedora-clang, r-devel-linux-x86_64-fedora-gcc