CRAN Package Check Results for Package bst

Last updated on 2020-04-25 01:52:57 CEST.

Flavor Version Tinstall Tcheck Ttotal Status Flags
r-devel-linux-x86_64-debian-clang 0.3-17 10.76 139.05 149.81 OK
r-devel-linux-x86_64-debian-gcc 0.3-17 10.64 105.94 116.58 OK
r-devel-linux-x86_64-fedora-clang 0.3-17 182.75 NOTE
r-devel-linux-x86_64-fedora-gcc 0.3-17 183.56 NOTE
r-devel-windows-ix86+x86_64 0.3-17 28.00 158.00 186.00 OK
r-patched-linux-x86_64 0.3-17 10.84 135.99 146.83 OK
r-patched-osx-x86_64 0.3-17 OK
r-patched-solaris-x86 0.3-17 260.80 OK
r-release-linux-x86_64 0.3-17 11.78 125.65 137.43 OK
r-release-windows-ix86+x86_64 0.3-17 28.00 153.00 181.00 OK
r-release-osx-x86_64 0.3-17 OK
r-oldrel-windows-ix86+x86_64 0.3-17 14.00 212.00 226.00 OK
r-oldrel-osx-x86_64 0.3-17 OK

Check Details

Version: 0.3-17
Check: top-level files
Result: NOTE
    ‘cleanup’: /bin/bash is not portable
Flavors: r-devel-linux-x86_64-fedora-clang, r-devel-linux-x86_64-fedora-gcc