CRAN Package Check Results for Package bssn

Last updated on 2020-04-25 01:52:57 CEST.

Flavor Version Tinstall Tcheck Ttotal Status Flags
r-devel-linux-x86_64-debian-clang 1.0 7.70 53.13 60.83 OK
r-devel-linux-x86_64-debian-gcc 1.0 6.68 41.07 47.75 OK
r-devel-linux-x86_64-fedora-clang 1.0 74.84 NOTE
r-devel-linux-x86_64-fedora-gcc 1.0 75.12 NOTE
r-devel-windows-ix86+x86_64 1.0 33.00 67.00 100.00 OK
r-patched-linux-x86_64 1.0 7.72 50.93 58.65 OK
r-patched-osx-x86_64 1.0 NOTE
r-patched-solaris-x86 1.0 112.40 NOTE
r-release-linux-x86_64 1.0 7.80 46.24 54.04 OK
r-release-windows-ix86+x86_64 1.0 26.00 65.00 91.00 OK
r-release-osx-x86_64 1.0 NOTE
r-oldrel-windows-ix86+x86_64 1.0 10.00 99.00 109.00 OK
r-oldrel-osx-x86_64 1.0 NOTE

Check Details

Version: 1.0
Check: dependencies in R code
Result: NOTE
    Namespaces in Imports field not imported from:
     ‘mvtnorm’ ‘ssmn’
     All declared Imports should be used.
Flavors: r-devel-linux-x86_64-fedora-clang, r-devel-linux-x86_64-fedora-gcc, r-patched-osx-x86_64, r-patched-solaris-x86, r-release-osx-x86_64, r-oldrel-osx-x86_64