CRAN Package Check Results for Package brlrmr

Last updated on 2020-04-25 01:52:56 CEST.

Flavor Version Tinstall Tcheck Ttotal Status Flags
r-devel-linux-x86_64-debian-clang 0.1.7 2.92 24.21 27.13 OK
r-devel-linux-x86_64-debian-gcc 0.1.7 2.10 19.41 21.51 OK
r-devel-linux-x86_64-fedora-clang 0.1.7 33.78 NOTE
r-devel-linux-x86_64-fedora-gcc 0.1.7 33.08 NOTE
r-devel-windows-ix86+x86_64 0.1.7 8.00 38.00 46.00 OK
r-patched-linux-x86_64 0.1.7 2.48 23.84 26.32 OK
r-patched-osx-x86_64 0.1.7 NOTE
r-patched-solaris-x86 0.1.7 51.00 NOTE
r-release-linux-x86_64 0.1.7 2.64 22.48 25.12 OK
r-release-windows-ix86+x86_64 0.1.7 8.00 35.00 43.00 OK
r-release-osx-x86_64 0.1.7 NOTE
r-oldrel-windows-ix86+x86_64 0.1.7 3.00 49.00 52.00 OK
r-oldrel-osx-x86_64 0.1.7 NOTE

Check Details

Version: 0.1.7
Check: dependencies in R code
Result: NOTE
    Namespaces in Imports field not imported from:
     ‘Rcpp’ ‘profileModel’
     All declared Imports should be used.
Flavors: r-devel-linux-x86_64-fedora-clang, r-devel-linux-x86_64-fedora-gcc, r-patched-osx-x86_64, r-patched-solaris-x86, r-release-osx-x86_64, r-oldrel-osx-x86_64