CRAN Package Check Results for Package briqr

Last updated on 2020-04-25 01:52:56 CEST.

Flavor Version Tinstall Tcheck Ttotal Status Flags
r-devel-linux-x86_64-debian-clang 0.1.0 2.02 21.75 23.77 OK
r-devel-linux-x86_64-debian-gcc 0.1.0 1.63 17.10 18.73 OK
r-devel-linux-x86_64-fedora-clang 0.1.0 29.80 OK
r-devel-linux-x86_64-fedora-gcc 0.1.0 28.57 OK
r-devel-windows-ix86+x86_64 0.1.0 15.00 36.00 51.00 OK
r-patched-linux-x86_64 0.1.0 1.91 21.22 23.13 OK
r-patched-osx-x86_64 0.1.0 OK
r-patched-solaris-x86 0.1.0 46.60 OK
r-release-linux-x86_64 0.1.0 1.61 19.85 21.46 OK
r-release-windows-ix86+x86_64 0.1.0 7.00 52.00 59.00 OK
r-release-osx-x86_64 0.1.0 OK
r-oldrel-osx-x86_64 0.1.0 ERROR

Check Details

Version: 0.1.0
Check: whether package can be installed
Result: ERROR
    Installation failed.
Flavor: r-oldrel-osx-x86_64