Last updated on 2020-04-25 01:52:56 CEST.
Flavor | Version | Tinstall | Tcheck | Ttotal | Status | Flags |
---|---|---|---|---|---|---|
r-devel-linux-x86_64-debian-clang | 1.0-0 | 11.30 | 296.00 | 307.30 | OK | |
r-devel-linux-x86_64-debian-gcc | 1.0-0 | 8.80 | 226.70 | 235.50 | OK | |
r-devel-linux-x86_64-fedora-clang | 1.0-0 | 348.35 | OK | |||
r-devel-linux-x86_64-fedora-gcc | 1.0-0 | 377.39 | OK | |||
r-devel-windows-ix86+x86_64 | 1.0-0 | 28.00 | 282.00 | 310.00 | OK | |
r-patched-linux-x86_64 | 1.0-0 | 9.50 | 284.42 | 293.92 | OK | |
r-patched-osx-x86_64 | 1.0-0 | NOTE | ||||
r-patched-solaris-x86 | 1.0-0 | 384.00 | OK | |||
r-release-linux-x86_64 | 1.0-0 | 9.68 | 258.40 | 268.08 | NOTE | |
r-release-windows-ix86+x86_64 | 1.0-0 | 26.00 | 268.00 | 294.00 | OK | |
r-release-osx-x86_64 | 1.0-0 | OK | ||||
r-oldrel-windows-ix86+x86_64 | 1.0-0 | 12.00 | 346.00 | 358.00 | OK | |
r-oldrel-osx-x86_64 | 1.0-0 | OK |
Version: 1.0-0
Check: package dependencies
Result: NOTE
Packages suggested but not available for checking:
'R2jags', 'rjags', 'runjags'
Flavor: r-patched-osx-x86_64
Version: 1.0-0
Check: package dependencies
Result: NOTE
Package suggested but not available for checking: ‘rstanarm’
Flavor: r-release-linux-x86_64