Last updated on 2020-04-25 01:52:56 CEST.
Flavor | Version | Tinstall | Tcheck | Ttotal | Status | Flags |
---|---|---|---|---|---|---|
r-devel-linux-x86_64-debian-clang | 1.0-6 | 1.82 | 17.91 | 19.73 | NOTE | |
r-devel-linux-x86_64-debian-gcc | 1.0-6 | 1.66 | 14.53 | 16.19 | NOTE | |
r-devel-linux-x86_64-fedora-clang | 1.0-6 | 25.36 | NOTE | |||
r-devel-linux-x86_64-fedora-gcc | 1.0-6 | 25.25 | NOTE | |||
r-devel-windows-ix86+x86_64 | 1.0-6 | 8.00 | 29.00 | 37.00 | OK | |
r-patched-linux-x86_64 | 1.0-6 | 1.95 | 17.05 | 19.00 | NOTE | |
r-patched-osx-x86_64 | 1.0-6 | OK | ||||
r-patched-solaris-x86 | 1.0-6 | 39.80 | NOTE | |||
r-release-linux-x86_64 | 1.0-6 | 1.49 | 16.62 | 18.11 | OK | |
r-release-windows-ix86+x86_64 | 1.0-6 | 4.00 | 50.00 | 54.00 | OK | |
r-release-osx-x86_64 | 1.0-6 | OK | ||||
r-oldrel-windows-ix86+x86_64 | 1.0-6 | 3.00 | 25.00 | 28.00 | OK | |
r-oldrel-osx-x86_64 | 1.0-6 | OK |
Version: 1.0-6
Check: for non-standard things in the check directory
Result: NOTE
Found the following files/directories:
'brew-test-1-1.eps' 'brew-test-1-2.eps' 'brew-test-1.tex'
'brew-test-2.html'
Flavors: r-devel-linux-x86_64-debian-clang, r-devel-linux-x86_64-debian-gcc, r-devel-linux-x86_64-fedora-clang, r-devel-linux-x86_64-fedora-gcc, r-patched-linux-x86_64, r-patched-solaris-x86