CRAN Package Check Results for Package brainKCCA

Last updated on 2020-04-25 01:52:56 CEST.

Flavor Version Tinstall Tcheck Ttotal Status Flags
r-devel-linux-x86_64-debian-clang 0.1.0 9.22 66.51 75.73 OK
r-devel-linux-x86_64-debian-gcc 0.1.0 9.60 52.85 62.45 OK
r-devel-linux-x86_64-fedora-clang 0.1.0 92.06 NOTE
r-devel-linux-x86_64-fedora-gcc 0.1.0 95.48 NOTE
r-devel-windows-ix86+x86_64 0.1.0 36.00 89.00 125.00 OK
r-patched-linux-x86_64 0.1.0 9.82 64.52 74.34 OK
r-patched-osx-x86_64 0.1.0 WARN
r-patched-solaris-x86 0.1.0 141.50 NOTE
r-release-linux-x86_64 0.1.0 8.81 60.03 68.84 OK
r-release-windows-ix86+x86_64 0.1.0 24.00 85.00 109.00 OK
r-release-osx-x86_64 0.1.0 WARN
r-oldrel-windows-ix86+x86_64 0.1.0 10.00 119.00 129.00 OK
r-oldrel-osx-x86_64 0.1.0 NOTE

Check Details

Version: 0.1.0
Check: dependencies in R code
Result: NOTE
    Namespaces in Imports field not imported from:
     ‘CCA’ ‘brainR’ ‘elasticnet’
     All declared Imports should be used.
Flavors: r-devel-linux-x86_64-fedora-clang, r-devel-linux-x86_64-fedora-gcc, r-patched-osx-x86_64, r-patched-solaris-x86, r-release-osx-x86_64, r-oldrel-osx-x86_64

Version: 0.1.0
Check: re-building of vignette outputs
Result: WARN
    Error(s) in re-building vignettes:
     ...
    --- re-building ‘brainKCCA.Rmd’ using rmarkdown
    dyld: lazy symbol binding failed: Symbol not found: ____chkstk_darwin
     Referenced from: /usr/local/bin/pandoc (which was built for Mac OS X 10.15)
     Expected in: /usr/lib/libSystem.B.dylib
    
    dyld: Symbol not found: ____chkstk_darwin
     Referenced from: /usr/local/bin/pandoc (which was built for Mac OS X 10.15)
     Expected in: /usr/lib/libSystem.B.dylib
    
    Error: processing vignette 'brainKCCA.Rmd' failed with diagnostics:
    pandoc document conversion failed with error 6
    --- failed re-building ‘brainKCCA.Rmd’
    
    SUMMARY: processing the following file failed:
     ‘brainKCCA.Rmd’
    
    Error: Vignette re-building failed.
    Execution halted
Flavor: r-patched-osx-x86_64

Version: 0.1.0
Check: whether package can be installed
Result: WARN
    Found the following significant warnings:
     Warning: 'rgl_init' failed, running with rgl.useNULL = TRUE
Flavor: r-release-osx-x86_64