CRAN Package Check Results for Package bpgmm

Last updated on 2020-04-25 01:52:56 CEST.

Flavor Version Tinstall Tcheck Ttotal Status Flags
r-devel-linux-x86_64-debian-clang 1.0.5 103.98 38.39 142.37 OK
r-devel-linux-x86_64-debian-gcc 1.0.5 75.13 29.91 105.04 OK
r-devel-linux-x86_64-fedora-clang 1.0.5 206.51 NOTE
r-devel-linux-x86_64-fedora-gcc 1.0.5 193.20 OK
r-devel-windows-ix86+x86_64 1.0.5 265.00 84.00 349.00 OK
r-patched-linux-x86_64 1.0.5 89.67 37.66 127.33 OK
r-patched-osx-x86_64 1.0.5 NOTE
r-patched-solaris-x86 1.0.5 172.90 OK
r-release-linux-x86_64 1.0.5 84.99 34.54 119.53 OK
r-release-windows-ix86+x86_64 1.0.5 235.00 115.00 350.00 ERROR
r-release-osx-x86_64 1.0.5 NOTE
r-oldrel-windows-ix86+x86_64 1.0.5 176.00 102.00 278.00 OK
r-oldrel-osx-x86_64 1.0.5 NOTE

Check Details

Version: 1.0.5
Check: installed package size
Result: NOTE
     installed size is 6.7Mb
     sub-directories of 1Mb or more:
     libs 6.5Mb
Flavors: r-devel-linux-x86_64-fedora-clang, r-patched-osx-x86_64, r-release-osx-x86_64, r-oldrel-osx-x86_64

Version: 1.0.5
Check: running examples for arch ‘i386’
Result: ERROR
    Running examples in 'bpgmm-Ex.R' failed
    The error most likely occurred in:
    
    > ### Name: CalculateProposalLambda
    > ### Title: CalculateProposalLambda
    > ### Aliases: CalculateProposalLambda
    >
    > ### ** Examples
    >
    > sample_data = "https://raw.githubusercontent.com/lzyacht/bpgmm-examples/master/data/sampleData.csv"
    > X = utils::read.table(sample_data, header = TRUE, sep = ',')
    Warning in file(file, "rt") :
     cannot open URL 'https://raw.githubusercontent.com/lzyacht/bpgmm-examples/master/data/sampleData.csv': HTTP status was '500 Internal Server Error'
    Error in file(file, "rt") : cannot open the connection
    Calls: <Anonymous> -> file
    Execution halted
Flavor: r-release-windows-ix86+x86_64

Version: 1.0.5
Check: running examples for arch ‘x64’
Result: ERROR
    Running examples in 'bpgmm-Ex.R' failed
    The error most likely occurred in:
    
    > ### Name: CalculateProposalLambda
    > ### Title: CalculateProposalLambda
    > ### Aliases: CalculateProposalLambda
    >
    > ### ** Examples
    >
    > sample_data = "https://raw.githubusercontent.com/lzyacht/bpgmm-examples/master/data/sampleData.csv"
    > X = utils::read.table(sample_data, header = TRUE, sep = ',')
    Warning in file(file, "rt") :
     cannot open URL 'https://raw.githubusercontent.com/lzyacht/bpgmm-examples/master/data/sampleData.csv': HTTP status was '503 first byte timeout'
    Error in file(file, "rt") : cannot open the connection
    Calls: <Anonymous> -> file
    Execution halted
Flavor: r-release-windows-ix86+x86_64