Last updated on 2020-04-25 01:52:56 CEST.
Flavor | Version | Tinstall | Tcheck | Ttotal | Status | Flags |
---|---|---|---|---|---|---|
r-devel-linux-x86_64-debian-clang | 0.9.0 | 4.32 | 58.46 | 62.78 | OK | |
r-devel-linux-x86_64-debian-gcc | 0.9.0 | 2.90 | 46.72 | 49.62 | OK | |
r-devel-linux-x86_64-fedora-clang | 0.9.0 | 79.36 | OK | |||
r-devel-linux-x86_64-fedora-gcc | 0.9.0 | 76.86 | OK | |||
r-devel-windows-ix86+x86_64 | 0.9.0 | 15.00 | 75.00 | 90.00 | OK | |
r-patched-linux-x86_64 | 0.9.0 | 4.46 | 58.20 | 62.66 | OK | |
r-patched-osx-x86_64 | 0.9.0 | NOTE | ||||
r-patched-solaris-x86 | 0.9.0 | 129.40 | OK | |||
r-release-linux-x86_64 | 0.9.0 | 3.22 | 54.46 | 57.68 | OK | |
r-release-windows-ix86+x86_64 | 0.9.0 | 9.00 | 112.00 | 121.00 | OK | |
r-release-osx-x86_64 | 0.9.0 | NOTE | ||||
r-oldrel-windows-ix86+x86_64 | 0.9.0 | 4.00 | 81.00 | 85.00 | OK | |
r-oldrel-osx-x86_64 | 0.9.0 | NOTE |
Version: 0.9.0
Check: package dependencies
Result: NOTE
Package suggested but not available for checking: ‘sangerseqR’
Flavors: r-patched-osx-x86_64, r-release-osx-x86_64, r-oldrel-osx-x86_64