CRAN Package Check Results for Package bnstruct

Last updated on 2020-04-25 01:52:56 CEST.

Flavor Version Tinstall Tcheck Ttotal Status Flags
r-devel-linux-x86_64-debian-clang 1.0.6 22.60 134.64 157.24 OK
r-devel-linux-x86_64-debian-gcc 1.0.6 17.49 105.71 123.20 OK
r-devel-linux-x86_64-fedora-clang 1.0.6 193.60 OK
r-devel-linux-x86_64-fedora-gcc 1.0.6 193.32 OK
r-devel-windows-ix86+x86_64 1.0.6 49.00 185.00 234.00 OK
r-patched-linux-x86_64 1.0.6 18.64 132.58 151.22 OK
r-patched-osx-x86_64 1.0.6 OK
r-patched-solaris-x86 1.0.6 278.80 OK
r-release-linux-x86_64 1.0.6 18.30 123.16 141.46 OK
r-release-windows-ix86+x86_64 1.0.6 44.00 185.00 229.00 OK
r-release-osx-x86_64 1.0.6 NOTE
r-oldrel-windows-ix86+x86_64 1.0.6 23.00 223.00 246.00 OK
r-oldrel-osx-x86_64 1.0.6 OK

Check Details

Version: 1.0.6
Check: package dependencies
Result: NOTE
    Packages suggested but not available for checking: 'graph', 'Rgraphviz'
Flavor: r-release-osx-x86_64