CRAN Package Check Results for Package bnpa

Last updated on 2020-04-25 01:52:56 CEST.

Flavor Version Tinstall Tcheck Ttotal Status Flags
r-devel-linux-x86_64-debian-clang 0.3.0 3.61 36.96 40.57 OK
r-devel-linux-x86_64-debian-gcc 0.3.0 2.80 28.80 31.60 OK
r-devel-linux-x86_64-fedora-clang 0.3.0 49.13 NOTE
r-devel-linux-x86_64-fedora-gcc 0.3.0 48.62 NOTE
r-devel-windows-ix86+x86_64 0.3.0 28.00 54.00 82.00 OK
r-patched-linux-x86_64 0.3.0 3.58 35.80 39.38 OK
r-patched-osx-x86_64 0.3.0 NOTE
r-patched-solaris-x86 0.3.0 69.60 NOTE
r-release-linux-x86_64 0.3.0 2.72 32.79 35.51 OK
r-release-windows-ix86+x86_64 0.3.0 16.00 51.00 67.00 OK
r-release-osx-x86_64 0.3.0 NOTE
r-oldrel-windows-ix86+x86_64 0.3.0 5.00 65.00 70.00 OK
r-oldrel-osx-x86_64 0.3.0 NOTE

Check Details

Version: 0.3.0
Check: dependencies in R code
Result: NOTE
    Namespaces in Imports field not imported from:
     ‘Rgraphviz’ ‘fastDummies’
     All declared Imports should be used.
Flavors: r-devel-linux-x86_64-fedora-clang, r-devel-linux-x86_64-fedora-gcc, r-patched-osx-x86_64, r-patched-solaris-x86, r-release-osx-x86_64, r-oldrel-osx-x86_64