CRAN Package Check Results for Package bnlearn

Last updated on 2020-04-25 01:52:56 CEST.

Flavor Version Tinstall Tcheck Ttotal Status Flags
r-devel-linux-x86_64-debian-clang 4.5 42.88 89.52 132.40 OK
r-devel-linux-x86_64-debian-gcc 4.5 28.35 68.69 97.04 OK
r-devel-linux-x86_64-fedora-clang 4.5 162.62 OK
r-devel-linux-x86_64-fedora-gcc 4.5 158.76 OK
r-devel-windows-ix86+x86_64 4.5 150.00 116.00 266.00 OK
r-patched-linux-x86_64 4.5 35.39 89.11 124.50 OK
r-patched-osx-x86_64 4.5 OK
r-patched-solaris-x86 4.5 218.60 OK
r-release-linux-x86_64 4.5 31.51 81.22 112.73 OK
r-release-windows-ix86+x86_64 4.5 171.00 113.00 284.00 OK
r-release-osx-x86_64 4.5 NOTE
r-oldrel-windows-ix86+x86_64 4.5 119.00 145.00 264.00 OK
r-oldrel-osx-x86_64 4.5 OK

Additional issues

rchk

Check Details

Version: 4.5
Check: package dependencies
Result: NOTE
    Packages suggested but not available for checking:
     'graph', 'Rgraphviz', 'gRain'
Flavor: r-release-osx-x86_64