CRAN Package Check Results for Package bitops

Last updated on 2020-04-25 01:52:56 CEST.

Flavor Version Tinstall Tcheck Ttotal Status Flags
r-devel-linux-x86_64-debian-clang 1.0-6 2.62 19.13 21.75 OK
r-devel-linux-x86_64-debian-gcc 1.0-6 2.01 15.34 17.35 OK
r-devel-linux-x86_64-fedora-clang 1.0-6 27.93 NOTE
r-devel-linux-x86_64-fedora-gcc 1.0-6 26.31 NOTE
r-devel-windows-ix86+x86_64 1.0-6 15.00 34.00 49.00 OK
r-patched-linux-x86_64 1.0-6 2.42 18.86 21.28 OK
r-patched-osx-x86_64 1.0-6 OK
r-patched-solaris-x86 1.0-6 42.80 OK
r-release-linux-x86_64 1.0-6 1.98 17.54 19.52 OK
r-release-windows-ix86+x86_64 1.0-6 7.00 46.00 53.00 OK
r-release-osx-x86_64 1.0-6 OK
r-oldrel-windows-ix86+x86_64 1.0-6 7.00 33.00 40.00 OK
r-oldrel-osx-x86_64 1.0-6 OK

Additional issues

clang-UBSAN

Check Details

Version: 1.0-6
Check: compiled code
Result: NOTE
    File ‘bitops/libs/bitops.so’:
     Found no calls to: ‘R_registerRoutines’, ‘R_useDynamicSymbols’
    
    It is good practice to register native routines and to disable symbol
    search.
    
    See ‘Writing portable packages’ in the ‘Writing R Extensions’ manual.
Flavors: r-devel-linux-x86_64-fedora-clang, r-devel-linux-x86_64-fedora-gcc