CRAN Package Check Results for Package biostat3

Last updated on 2020-04-25 01:52:56 CEST.

Flavor Version Tinstall Tcheck Ttotal Status Flags
r-devel-linux-x86_64-debian-clang 0.1.4 11.16 82.97 94.13 OK
r-devel-linux-x86_64-debian-gcc 0.1.4 9.12 63.40 72.52 OK
r-devel-linux-x86_64-fedora-clang 0.1.4 113.01 NOTE
r-devel-linux-x86_64-fedora-gcc 0.1.4 113.27 OK
r-devel-windows-ix86+x86_64 0.1.4 49.00 96.00 145.00 NOTE
r-patched-linux-x86_64 0.1.4 10.88 78.69 89.57 OK
r-patched-osx-x86_64 0.1.4 NOTE
r-patched-solaris-x86 0.1.4 191.30 NOTE
r-release-linux-x86_64 0.1.4 7.99 72.20 80.19 OK
r-release-windows-ix86+x86_64 0.1.4 31.00 85.00 116.00 NOTE
r-release-osx-x86_64 0.1.4 NOTE
r-oldrel-windows-ix86+x86_64 0.1.4 17.00 129.00 146.00 NOTE
r-oldrel-osx-x86_64 0.1.4 NOTE

Check Details

Version: 0.1.4
Check: installed package size
Result: NOTE
     installed size is 5.6Mb
     sub-directories of 1Mb or more:
     doc 4.7Mb
Flavors: r-devel-linux-x86_64-fedora-clang, r-devel-windows-ix86+x86_64, r-patched-osx-x86_64, r-patched-solaris-x86, r-release-windows-ix86+x86_64, r-release-osx-x86_64, r-oldrel-windows-ix86+x86_64, r-oldrel-osx-x86_64