CRAN Package Check Results for Package biospear

Last updated on 2020-04-25 01:52:56 CEST.

Flavor Version Tinstall Tcheck Ttotal Status Flags
r-devel-linux-x86_64-debian-clang 1.0.2 28.93 204.81 233.74 OK
r-devel-linux-x86_64-debian-gcc 1.0.2 26.30 154.59 180.89 OK
r-devel-linux-x86_64-fedora-clang 1.0.2 302.62 OK
r-devel-linux-x86_64-fedora-gcc 1.0.2 288.15 OK
r-devel-windows-ix86+x86_64 1.0.2 120.00 206.00 326.00 OK
r-patched-linux-x86_64 1.0.2 28.38 197.15 225.53 OK
r-patched-osx-x86_64 1.0.2 OK
r-patched-solaris-x86 1.0.2 393.50 ERROR
r-release-linux-x86_64 1.0.2 21.14 172.36 193.50 OK
r-release-windows-ix86+x86_64 1.0.2 119.00 198.00 317.00 OK
r-release-osx-x86_64 1.0.2 OK
r-oldrel-windows-ix86+x86_64 1.0.2 32.00 194.00 226.00 OK
r-oldrel-osx-x86_64 1.0.2 OK

Check Details

Version: 1.0.2
Check: examples
Result: ERROR
    Running examples in ‘biospear-Ex.R’ failed
    The error most likely occurred in:
    
    > ### Name: BMsel
    > ### Title: Biomarker selection in a Cox regression model
    > ### Aliases: BMsel summary.resBMsel
    > ### Keywords: survival biomarker selection prognostic interactions
    >
    > ### ** Examples
    >
    > ########################################
    > # Simulated data set
    > ########################################
    >
    > ## Low calculation time
    > set.seed(654321)
    > sdata <- simdata(
    + n = 500, p = 20, q.main = 3, q.inter = 0,
    + prob.tt = 0.5, alpha.tt = 0,
    + beta.main = -0.8,
    + b.corr = 0.6, b.corr.by = 4,
    + m0 = 5, wei.shape = 1, recr = 4, fu = 2,
    + timefactor = 1)
    >
    > resBM <- BMsel(
    + data = sdata,
    + method = c("lasso", "lasso-pcvl"),
    + inter = FALSE,
    + folds = 5)
    
    Computing selection with method: lasso
    Warning: from glmnet Fortran code (error code -30000); Numerical error at 0th lambda value; solutions for larger values of lambda returned
    Warning in getcoef(fit, nvars, nx, vnames) :
     an empty model has been returned; probably a convergence issue
    Warning: from glmnet Fortran code (error code -30000); Numerical error at 0th lambda value; solutions for larger values of lambda returned
    Warning in getcoef(fit, nvars, nx, vnames) :
     an empty model has been returned; probably a convergence issue
    Warning: from glmnet Fortran code (error code -30000); Numerical error at 0th lambda value; solutions for larger values of lambda returned
    Warning in getcoef(fit, nvars, nx, vnames) :
     an empty model has been returned; probably a convergence issue
    Warning: from glmnet Fortran code (error code -30000); Numerical error at 0th lambda value; solutions for larger values of lambda returned
    Warning in getcoef(fit, nvars, nx, vnames) :
     an empty model has been returned; probably a convergence issue
    Warning: from glmnet Fortran code (error code -30000); Numerical error at 0th lambda value; solutions for larger values of lambda returned
    Warning in getcoef(fit, nvars, nx, vnames) :
     an empty model has been returned; probably a convergence issue
    Warning: from glmnet Fortran code (error code -30000); Numerical error at 0th lambda value; solutions for larger values of lambda returned
    Warning in getcoef(fit, nvars, nx, vnames) :
     an empty model has been returned; probably a convergence issue
    Warning: from glmnet Fortran code (error code -30000); Numerical error at 0th lambda value; solutions for larger values of lambda returned
    Warning in getcoef(fit, nvars, nx, vnames) :
     an empty model has been returned; probably a convergence issue
    Error in coxnet(x, is.sparse, ix, jx, y, weights, offset, alpha, nobs, :
     NA/NaN/Inf in foreign function call (arg 16)
    Calls: BMsel -> lapply -> FUN -> <Anonymous> -> glmnet -> coxnet
    Execution halted
Flavor: r-patched-solaris-x86