Last updated on 2020-04-25 01:52:56 CEST.
Flavor | Version | Tinstall | Tcheck | Ttotal | Status | Flags |
---|---|---|---|---|---|---|
r-devel-linux-x86_64-debian-clang | 0.2.1 | 14.32 | 127.25 | 141.57 | OK | |
r-devel-linux-x86_64-debian-gcc | 0.2.1 | 11.17 | 96.57 | 107.74 | OK | |
r-devel-linux-x86_64-fedora-clang | 0.2.1 | 171.35 | OK | |||
r-devel-linux-x86_64-fedora-gcc | 0.2.1 | 166.10 | OK | |||
r-devel-windows-ix86+x86_64 | 0.2.1 | 12.00 | 6.00 | 18.00 | ERROR | |
r-patched-linux-x86_64 | 0.2.1 | 13.13 | 119.56 | 132.69 | OK | |
r-patched-osx-x86_64 | 0.2.1 | ERROR | ||||
r-patched-solaris-x86 | 0.2.1 | 240.30 | OK | |||
r-release-linux-x86_64 | 0.2.1 | 6.26 | 82.20 | 88.46 | OK | |
r-release-windows-ix86+x86_64 | 0.2.1 | 27.00 | 108.00 | 135.00 | OK | |
r-release-osx-x86_64 | 0.2.1 | OK | ||||
r-oldrel-windows-ix86+x86_64 | 0.2.1 | 11.00 | 159.00 | 170.00 | OK | |
r-oldrel-osx-x86_64 | 0.2.1 | OK |
Version: 0.2.1
Check: whether package can be installed
Result: ERROR
Installation failed.
Flavor: r-devel-windows-ix86+x86_64
Version: 0.2.1
Check: package dependencies
Result: ERROR
Package required but not available: ‘MEIGOR’
See section ‘The DESCRIPTION file’ in the ‘Writing R Extensions’
manual.
Flavor: r-patched-osx-x86_64