Last updated on 2020-04-25 01:52:56 CEST.
Flavor | Version | Tinstall | Tcheck | Ttotal | Status | Flags |
---|---|---|---|---|---|---|
r-devel-linux-x86_64-debian-clang | 1.1 | 2.13 | 19.96 | 22.09 | NOTE | |
r-devel-linux-x86_64-debian-gcc | 1.1 | 1.97 | 15.98 | 17.95 | NOTE | |
r-devel-linux-x86_64-fedora-clang | 1.1 | 28.08 | NOTE | |||
r-devel-linux-x86_64-fedora-gcc | 1.1 | 27.58 | NOTE | |||
r-devel-windows-ix86+x86_64 | 1.1 | 8.00 | 30.00 | 38.00 | NOTE | |
r-patched-linux-x86_64 | 1.1 | 2.48 | 19.72 | 22.20 | NOTE | |
r-patched-osx-x86_64 | 1.1 | NOTE | ||||
r-patched-solaris-x86 | 1.1 | 44.40 | NOTE | |||
r-release-linux-x86_64 | 1.1 | 1.80 | 18.61 | 20.41 | NOTE | |
r-release-windows-ix86+x86_64 | 1.1 | 5.00 | 38.00 | 43.00 | NOTE | |
r-release-osx-x86_64 | 1.1 | NOTE | ||||
r-oldrel-windows-ix86+x86_64 | 1.1 | 3.00 | 28.00 | 31.00 | NOTE | |
r-oldrel-osx-x86_64 | 1.1 | NOTE |
Version: 1.1
Check: R code for possible problems
Result: NOTE
bins.quantiles: no visible global function definition for 'quantile'
Undefined global functions or variables:
quantile
Consider adding
importFrom("stats", "quantile")
to your NAMESPACE file.
Flavors: r-devel-linux-x86_64-debian-clang, r-devel-linux-x86_64-debian-gcc, r-devel-linux-x86_64-fedora-clang, r-devel-linux-x86_64-fedora-gcc, r-devel-windows-ix86+x86_64, r-patched-linux-x86_64, r-patched-osx-x86_64, r-patched-solaris-x86, r-release-linux-x86_64, r-release-windows-ix86+x86_64, r-release-osx-x86_64, r-oldrel-windows-ix86+x86_64, r-oldrel-osx-x86_64