CRAN Package Check Results for Package binostics

Last updated on 2020-04-25 01:52:56 CEST.

Flavor Version Tinstall Tcheck Ttotal Status Flags
r-devel-linux-x86_64-debian-clang 0.1.2 8.27 17.03 25.30 OK
r-devel-linux-x86_64-debian-gcc 0.1.2 7.40 13.75 21.15 OK
r-devel-linux-x86_64-fedora-clang 0.1.2 38.42 NOTE
r-devel-linux-x86_64-fedora-gcc 0.1.2 35.74 NOTE
r-devel-windows-ix86+x86_64 0.1.2 31.00 44.00 75.00 OK
r-patched-linux-x86_64 0.1.2 9.05 16.96 26.01 OK
r-patched-osx-x86_64 0.1.2 OK
r-patched-solaris-x86 0.1.2 55.30 OK
r-release-linux-x86_64 0.1.2 8.20 16.13 24.33 OK
r-release-windows-ix86+x86_64 0.1.2 24.00 50.00 74.00 OK
r-release-osx-x86_64 0.1.2 OK
r-oldrel-windows-ix86+x86_64 0.1.2 23.00 39.00 62.00 OK
r-oldrel-osx-x86_64 0.1.2 OK

Additional issues

valgrind

Check Details

Version: 0.1.2
Check: compiled code
Result: NOTE
    File ‘binostics/libs/binostics.so’:
     Found no calls to: ‘R_registerRoutines’, ‘R_useDynamicSymbols’
    
    It is good practice to register native routines and to disable symbol
    search.
    
    See ‘Writing portable packages’ in the ‘Writing R Extensions’ manual.
Flavors: r-devel-linux-x86_64-fedora-clang, r-devel-linux-x86_64-fedora-gcc