Last updated on 2020-04-25 01:52:56 CEST.
Flavor | Version | Tinstall | Tcheck | Ttotal | Status | Flags |
---|---|---|---|---|---|---|
r-devel-linux-x86_64-debian-clang | 2.1.0 | 71.64 | 100.99 | 172.63 | NOTE | |
r-devel-linux-x86_64-debian-gcc | 2.1.0 | 44.48 | 75.17 | 119.65 | NOTE | |
r-devel-linux-x86_64-fedora-clang | 2.1.0 | 350.19 | NOTE | |||
r-devel-linux-x86_64-fedora-gcc | 2.1.0 | 343.63 | NOTE | |||
r-devel-windows-ix86+x86_64 | 2.1.0 | 192.00 | 147.00 | 339.00 | NOTE | |
r-patched-linux-x86_64 | 2.1.0 | 53.79 | 98.65 | 152.44 | NOTE | |
r-patched-osx-x86_64 | 2.1.0 | NOTE | ||||
r-patched-solaris-x86 | 2.1.0 | 209.80 | NOTE | |||
r-release-linux-x86_64 | 2.1.0 | 54.00 | 89.82 | 143.82 | NOTE | |
r-release-windows-ix86+x86_64 | 2.1.0 | 175.00 | 128.00 | 303.00 | NOTE | |
r-release-osx-x86_64 | 2.1.0 | NOTE | ||||
r-oldrel-windows-ix86+x86_64 | 2.1.0 | 122.00 | 166.00 | 288.00 | NOTE | |
r-oldrel-osx-x86_64 | 2.1.0 | NOTE |
Version: 2.1.0
Check: for GNU extensions in Makefiles
Result: NOTE
GNU make is a SystemRequirements.
Flavors: r-devel-linux-x86_64-debian-clang, r-devel-linux-x86_64-debian-gcc, r-devel-linux-x86_64-fedora-clang, r-devel-linux-x86_64-fedora-gcc, r-devel-windows-ix86+x86_64, r-patched-linux-x86_64, r-patched-osx-x86_64, r-patched-solaris-x86, r-release-linux-x86_64, r-release-windows-ix86+x86_64, r-release-osx-x86_64, r-oldrel-windows-ix86+x86_64, r-oldrel-osx-x86_64
Version: 2.1.0
Check: installed package size
Result: NOTE
installed size is 8.1Mb
sub-directories of 1Mb or more:
doc 3.0Mb
extdata 2.5Mb
libs 2.4Mb
Flavors: r-devel-linux-x86_64-fedora-clang, r-devel-windows-ix86+x86_64, r-patched-osx-x86_64, r-patched-solaris-x86, r-release-windows-ix86+x86_64, r-release-osx-x86_64, r-oldrel-windows-ix86+x86_64, r-oldrel-osx-x86_64
Version: 2.1.0
Check: package dependencies
Result: NOTE
Package suggested but not available for checking: ‘Rmpi’
Flavors: r-patched-osx-x86_64, r-release-osx-x86_64, r-oldrel-osx-x86_64