CRAN Package Check Results for Package bigGP

Last updated on 2020-04-25 01:52:56 CEST.

Flavor Version Tinstall Tcheck Ttotal Status Flags
r-devel-linux-x86_64-debian-clang 0.1-6 13.98 33.77 47.75 OK
r-devel-linux-x86_64-debian-gcc 0.1-6 8.55 27.60 36.15 OK
r-devel-linux-x86_64-fedora-clang 0.1-6 60.23 NOTE
r-devel-linux-x86_64-fedora-gcc 0.1-6 56.95 NOTE
r-patched-linux-x86_64 0.1-6 11.41 33.81 45.22 OK
r-patched-osx-x86_64 0.1-6 ERROR
r-patched-solaris-x86 0.1-6 107.70 OK
r-release-linux-x86_64 0.1-6 9.45 31.46 40.91 OK
r-release-osx-x86_64 0.1-6 ERROR
r-oldrel-osx-x86_64 0.1-6 ERROR

Check Details

Version: 0.1-6
Check: compiled code
Result: NOTE
    File ‘bigGP/libs/bigGP.so’:
     Found no calls to: ‘R_registerRoutines’, ‘R_useDynamicSymbols’
    
    It is good practice to register native routines and to disable symbol
    search.
    
    See ‘Writing portable packages’ in the ‘Writing R Extensions’ manual.
Flavors: r-devel-linux-x86_64-fedora-clang, r-devel-linux-x86_64-fedora-gcc

Version: 0.1-6
Check: package dependencies
Result: ERROR
    Package required but not available: ‘Rmpi’
    
    See section ‘The DESCRIPTION file’ in the ‘Writing R Extensions’
    manual.
Flavors: r-patched-osx-x86_64, r-release-osx-x86_64, r-oldrel-osx-x86_64