CRAN Package Check Results for Package bfw

Last updated on 2020-04-25 01:52:56 CEST.

Flavor Version Tinstall Tcheck Ttotal Status Flags
r-devel-linux-x86_64-debian-clang 0.4.1 5.95 52.64 58.59 OK
r-devel-linux-x86_64-debian-gcc 0.4.1 5.09 40.78 45.87 OK
r-devel-linux-x86_64-fedora-clang 0.4.1 71.80 OK
r-devel-linux-x86_64-fedora-gcc 0.4.1 72.88 OK
r-devel-windows-ix86+x86_64 0.4.1 19.00 65.00 84.00 OK
r-patched-linux-x86_64 0.4.1 6.39 51.65 58.04 OK
r-patched-osx-x86_64 0.4.1 WARN
r-patched-solaris-x86 0.4.1 97.20 OK
r-release-linux-x86_64 0.4.1 6.13 47.69 53.82 OK
r-release-windows-ix86+x86_64 0.4.1 15.00 60.00 75.00 OK
r-release-osx-x86_64 0.4.1 OK
r-oldrel-windows-ix86+x86_64 0.4.1 10.00 73.00 83.00 OK
r-oldrel-osx-x86_64 0.4.1 OK

Check Details

Version: 0.4.1
Check: re-building of vignette outputs
Result: WARN
    Error(s) in re-building vignettes:
    --- re-building ‘fit_latent_data.Rmd’ using rmarkdown
    dyld: lazy symbol binding failed: Symbol not found: ____chkstk_darwin
     Referenced from: /usr/local/bin/pandoc (which was built for Mac OS X 10.15)
     Expected in: /usr/lib/libSystem.B.dylib
    
    dyld: Symbol not found: ____chkstk_darwin
     Referenced from: /usr/local/bin/pandoc (which was built for Mac OS X 10.15)
     Expected in: /usr/lib/libSystem.B.dylib
    
    Error: processing vignette 'fit_latent_data.Rmd' failed with diagnostics:
    pandoc document conversion failed with error 6
    --- failed re-building ‘fit_latent_data.Rmd’
    
    --- re-building ‘fit_observed_data.Rmd’ using rmarkdown
    dyld: lazy symbol binding failed: Symbol not found: ____chkstk_darwin
     Referenced from: /usr/local/bin/pandoc (which was built for Mac OS X 10.15)
     Expected in: /usr/lib/libSystem.B.dylib
    
    dyld: Symbol not found: ____chkstk_darwin
     Referenced from: /usr/local/bin/pandoc (which was built for Mac OS X 10.15)
     Expected in: /usr/lib/libSystem.B.dylib
    
    Error: processing vignette 'fit_observed_data.Rmd' failed with diagnostics:
    pandoc document conversion failed with error 6
    --- failed re-building ‘fit_observed_data.Rmd’
    
    --- re-building ‘metric.Rmd’ using rmarkdown
    dyld: lazy symbol binding failed: Symbol not found: ____chkstk_darwin
     Referenced from: /usr/local/bin/pandoc (which was built for Mac OS X 10.15)
     Expected in: /usr/lib/libSystem.B.dylib
    
    dyld: Symbol not found: ____chkstk_darwin
     Referenced from: /usr/local/bin/pandoc (which was built for Mac OS X 10.15)
     Expected in: /usr/lib/libSystem.B.dylib
    
    Error: processing vignette 'metric.Rmd' failed with diagnostics:
    pandoc document conversion failed with error 6
    --- failed re-building ‘metric.Rmd’
    
    --- re-building ‘plot_mean.Rmd’ using rmarkdown
    dyld: lazy symbol binding failed: Symbol not found: ____chkstk_darwin
     Referenced from: /usr/local/bin/pandoc (which was built for Mac OS X 10.15)
     Expected in: /usr/lib/libSystem.B.dylib
    
    dyld: Symbol not found: ____chkstk_darwin
     Referenced from: /usr/local/bin/pandoc (which was built for Mac OS X 10.15)
     Expected in: /usr/lib/libSystem.B.dylib
    
    Error: processing vignette 'plot_mean.Rmd' failed with diagnostics:
    pandoc document conversion failed with error 6
    --- failed re-building ‘plot_mean.Rmd’
    
    --- re-building ‘regression.Rmd’ using rmarkdown
    dyld: lazy symbol binding failed: Symbol not found: ____chkstk_darwin
     Referenced from: /usr/local/bin/pandoc (which was built for Mac OS X 10.15)
     Expected in: /usr/lib/libSystem.B.dylib
    
    dyld: Symbol not found: ____chkstk_darwin
     Referenced from: /usr/local/bin/pandoc (which was built for Mac OS X 10.15)
     Expected in: /usr/lib/libSystem.B.dylib
    
    Error: processing vignette 'regression.Rmd' failed with diagnostics:
    pandoc document conversion failed with error 6
    --- failed re-building ‘regression.Rmd’
    
    SUMMARY: processing the following files failed:
     ‘fit_latent_data.Rmd’ ‘fit_observed_data.Rmd’ ‘metric.Rmd’
     ‘plot_mean.Rmd’ ‘regression.Rmd’
    
    Error: Vignette re-building failed.
    Execution halted
Flavor: r-patched-osx-x86_64