CRAN Package Check Results for Package betapart

Last updated on 2020-04-25 01:52:56 CEST.

Flavor Version Tinstall Tcheck Ttotal Status Flags
r-devel-linux-x86_64-debian-clang 1.5.1 10.57 80.70 91.27 NOTE
r-devel-linux-x86_64-debian-gcc 1.5.1 7.01 61.89 68.90 NOTE
r-devel-linux-x86_64-fedora-clang 1.5.1 106.48 NOTE
r-devel-linux-x86_64-fedora-gcc 1.5.1 108.53 NOTE
r-devel-windows-ix86+x86_64 1.5.1 25.00 98.00 123.00 OK
r-patched-linux-x86_64 1.5.1 10.81 78.52 89.33 NOTE
r-patched-osx-x86_64 1.5.1 OK
r-patched-solaris-x86 1.5.1 181.60 NOTE
r-release-linux-x86_64 1.5.1 7.77 71.63 79.40 OK
r-release-windows-ix86+x86_64 1.5.1 21.00 94.00 115.00 OK
r-release-osx-x86_64 1.5.1 OK
r-oldrel-windows-ix86+x86_64 1.5.1 8.00 117.00 125.00 OK
r-oldrel-osx-x86_64 1.5.1 OK

Check Details

Version: 1.5.1
Check: for non-standard things in the check directory
Result: NOTE
    Found the following files/directories:
     'vert.txt' 'vert_1.txt' 'vert_2.txt'
Flavors: r-devel-linux-x86_64-debian-clang, r-devel-linux-x86_64-debian-gcc, r-devel-linux-x86_64-fedora-clang, r-devel-linux-x86_64-fedora-gcc, r-patched-linux-x86_64, r-patched-solaris-x86