CRAN Package Check Results for Package beezdemand

Last updated on 2020-04-25 01:52:56 CEST.

Flavor Version Tinstall Tcheck Ttotal Status Flags
r-devel-linux-x86_64-debian-clang 0.1.0 6.45 62.70 69.15 OK
r-devel-linux-x86_64-debian-gcc 0.1.0 5.58 46.78 52.36 OK
r-devel-linux-x86_64-fedora-clang 0.1.0 88.25 OK
r-devel-linux-x86_64-fedora-gcc 0.1.0 87.74 OK
r-devel-windows-ix86+x86_64 0.1.0 33.00 72.00 105.00 OK
r-patched-linux-x86_64 0.1.0 7.87 59.85 67.72 OK
r-patched-osx-x86_64 0.1.0 WARN
r-patched-solaris-x86 0.1.0 124.70 OK
r-release-linux-x86_64 0.1.0 5.94 54.27 60.21 OK
r-release-windows-ix86+x86_64 0.1.0 20.00 65.00 85.00 OK
r-release-osx-x86_64 0.1.0 OK
r-oldrel-windows-ix86+x86_64 0.1.0 9.00 95.00 104.00 OK
r-oldrel-osx-x86_64 0.1.0 OK

Check Details

Version: 0.1.0
Check: re-building of vignette outputs
Result: WARN
    Error(s) in re-building vignettes:
     ...
    --- re-building ‘beezdemand.Rmd’ using rmarkdown
    dyld: lazy symbol binding failed: Symbol not found: ____chkstk_darwin
     Referenced from: /usr/local/bin/pandoc (which was built for Mac OS X 10.15)
     Expected in: /usr/lib/libSystem.B.dylib
    
    dyld: Symbol not found: ____chkstk_darwin
     Referenced from: /usr/local/bin/pandoc (which was built for Mac OS X 10.15)
     Expected in: /usr/lib/libSystem.B.dylib
    
    Error: processing vignette 'beezdemand.Rmd' failed with diagnostics:
    pandoc document conversion failed with error 6
    --- failed re-building ‘beezdemand.Rmd’
    
    SUMMARY: processing the following file failed:
     ‘beezdemand.Rmd’
    
    Error: Vignette re-building failed.
    Execution halted
Flavor: r-patched-osx-x86_64