CRAN Package Check Results for Package beautier

Last updated on 2020-04-25 01:52:56 CEST.

Flavor Version Tinstall Tcheck Ttotal Status Flags
r-devel-linux-x86_64-debian-clang 2.3.5 12.08 109.45 121.53 OK
r-devel-linux-x86_64-debian-gcc 2.3.5 11.38 85.45 96.83 OK
r-devel-linux-x86_64-fedora-clang 2.3.5 149.88 OK
r-devel-linux-x86_64-fedora-gcc 2.3.5 149.52 OK
r-devel-windows-ix86+x86_64 2.3.5 48.00 141.00 189.00 OK
r-patched-linux-x86_64 2.3.5 12.67 107.52 120.19 OK
r-patched-osx-x86_64 2.3.5 WARN
r-patched-solaris-x86 2.3.5 180.90 OK
r-release-linux-x86_64 2.3.5 10.17 99.68 109.85 OK
r-release-windows-ix86+x86_64 2.3.5 36.00 130.00 166.00 OK
r-release-osx-x86_64 2.3.5 OK
r-oldrel-windows-ix86+x86_64 2.3.5 22.00 158.00 180.00 OK
r-oldrel-osx-x86_64 2.3.5 OK

Check Details

Version: 2.3.5
Check: re-building of vignette outputs
Result: WARN
    Error(s) in re-building vignettes:
    --- re-building ‘demo.Rmd’ using rmarkdown
    dyld: lazy symbol binding failed: Symbol not found: ____chkstk_darwin
     Referenced from: /usr/local/bin/pandoc (which was built for Mac OS X 10.15)
     Expected in: /usr/lib/libSystem.B.dylib
    
    dyld: Symbol not found: ____chkstk_darwin
     Referenced from: /usr/local/bin/pandoc (which was built for Mac OS X 10.15)
     Expected in: /usr/lib/libSystem.B.dylib
    
    Error: processing vignette 'demo.Rmd' failed with diagnostics:
    pandoc document conversion failed with error 6
    --- failed re-building ‘demo.Rmd’
    
    --- re-building ‘examples.Rmd’ using rmarkdown
    dyld: lazy symbol binding failed: Symbol not found: ____chkstk_darwin
     Referenced from: /usr/local/bin/pandoc (which was built for Mac OS X 10.15)
     Expected in: /usr/lib/libSystem.B.dylib
    
    dyld: Symbol not found: ____chkstk_darwin
     Referenced from: /usr/local/bin/pandoc (which was built for Mac OS X 10.15)
     Expected in: /usr/lib/libSystem.B.dylib
    
    Error: processing vignette 'examples.Rmd' failed with diagnostics:
    pandoc document conversion failed with error 6
    --- failed re-building ‘examples.Rmd’
    
    SUMMARY: processing the following files failed:
     ‘demo.Rmd’ ‘examples.Rmd’
    
    Error: Vignette re-building failed.
    Execution halted
Flavor: r-patched-osx-x86_64