Last updated on 2020-04-25 01:52:56 CEST.
Flavor | Version | Tinstall | Tcheck | Ttotal | Status | Flags |
---|---|---|---|---|---|---|
r-devel-linux-x86_64-debian-clang | 0.1.1 | 5.60 | 41.79 | 47.39 | OK | |
r-devel-linux-x86_64-debian-gcc | 0.1.1 | 4.50 | 32.09 | 36.59 | OK | |
r-devel-linux-x86_64-fedora-clang | 0.1.1 | 60.85 | OK | |||
r-devel-linux-x86_64-fedora-gcc | 0.1.1 | 59.04 | OK | |||
r-devel-windows-ix86+x86_64 | 0.1.1 | 30.00 | 53.00 | 83.00 | OK | |
r-patched-linux-x86_64 | 0.1.1 | 5.59 | 40.26 | 45.85 | OK | |
r-patched-osx-x86_64 | 0.1.1 | OK | ||||
r-patched-solaris-x86 | 0.1.1 | 95.60 | NOTE | |||
r-release-linux-x86_64 | 0.1.1 | 4.75 | 37.21 | 41.96 | OK | |
r-release-windows-ix86+x86_64 | 0.1.1 | 16.00 | 54.00 | 70.00 | OK | |
r-release-osx-x86_64 | 0.1.1 | OK | ||||
r-oldrel-windows-ix86+x86_64 | 0.1.1 | 6.00 | 49.00 | 55.00 | OK | |
r-oldrel-osx-x86_64 | 0.1.1 | OK |
Version: 0.1.1
Check: package dependencies
Result: NOTE
Package suggested but not available for checking: ‘gifski’
Flavor: r-patched-solaris-x86