CRAN Package Check Results for Package beastier

Last updated on 2020-04-25 01:52:56 CEST.

Flavor Version Tinstall Tcheck Ttotal Status Flags
r-devel-linux-x86_64-debian-clang 2.1.1 3.88 34.93 38.81 OK
r-devel-linux-x86_64-debian-gcc 2.1.1 2.85 27.42 30.27 OK
r-devel-linux-x86_64-fedora-clang 2.1.1 47.33 OK
r-devel-linux-x86_64-fedora-gcc 2.1.1 48.31 OK
r-devel-windows-ix86+x86_64 2.1.1 16.00 49.00 65.00 OK
r-patched-linux-x86_64 2.1.1 3.39 33.85 37.24 OK
r-patched-osx-x86_64 2.1.1 WARN
r-patched-solaris-x86 2.1.1 75.00 OK
r-release-linux-x86_64 2.1.1 3.22 31.64 34.86 OK
r-release-windows-ix86+x86_64 2.1.1 13.00 50.00 63.00 OK
r-release-osx-x86_64 2.1.1 OK
r-oldrel-windows-ix86+x86_64 2.1.1 6.00 70.00 76.00 OK
r-oldrel-osx-x86_64 2.1.1 OK

Check Details

Version: 2.1.1
Check: re-building of vignette outputs
Result: WARN
    Error(s) in re-building vignettes:
     ...
    --- re-building ‘demo.Rmd’ using rmarkdown
    Loading required package: beautier
    dyld: lazy symbol binding failed: Symbol not found: ____chkstk_darwin
     Referenced from: /usr/local/bin/pandoc (which was built for Mac OS X 10.15)
     Expected in: /usr/lib/libSystem.B.dylib
    
    dyld: Symbol not found: ____chkstk_darwin
     Referenced from: /usr/local/bin/pandoc (which was built for Mac OS X 10.15)
     Expected in: /usr/lib/libSystem.B.dylib
    
    Error: processing vignette 'demo.Rmd' failed with diagnostics:
    pandoc document conversion failed with error 6
    --- failed re-building ‘demo.Rmd’
    
    SUMMARY: processing the following file failed:
     ‘demo.Rmd’
    
    Error: Vignette re-building failed.
    Execution halted
Flavor: r-patched-osx-x86_64