Last updated on 2020-04-25 01:52:56 CEST.
Flavor | Version | Tinstall | Tcheck | Ttotal | Status | Flags |
---|---|---|---|---|---|---|
r-devel-linux-x86_64-debian-clang | 2.0.1 | 51.27 | 80.19 | 131.46 | OK | |
r-devel-linux-x86_64-debian-gcc | 2.0.1 | 39.55 | 60.08 | 99.63 | OK | |
r-devel-linux-x86_64-fedora-clang | 2.0.1 | 177.40 | OK | |||
r-devel-linux-x86_64-fedora-gcc | 2.0.1 | 171.00 | OK | |||
r-devel-windows-ix86+x86_64 | 2.0.1 | 149.00 | 134.00 | 283.00 | OK | |
r-patched-linux-x86_64 | 2.0.1 | 47.84 | 75.43 | 123.27 | OK | |
r-patched-osx-x86_64 | 2.0.1 | NOTE | ||||
r-patched-solaris-x86 | 2.0.1 | 218.20 | OK | |||
r-release-linux-x86_64 | 2.0.1 | 45.19 | 69.70 | 114.89 | OK | |
r-release-windows-ix86+x86_64 | 2.0.1 | 130.00 | 118.00 | 248.00 | OK | |
r-release-osx-x86_64 | 2.0.1 | NOTE | ||||
r-oldrel-windows-ix86+x86_64 | 2.0.1 | 87.00 | 165.00 | 252.00 | OK | |
r-oldrel-osx-x86_64 | 2.0.1 | OK |
Version: 2.0.1
Check: installed package size
Result: NOTE
installed size is 5.2Mb
sub-directories of 1Mb or more:
libs 4.6Mb
Flavors: r-patched-osx-x86_64, r-release-osx-x86_64