CRAN Package Check Results for Package bdpar

Last updated on 2020-04-25 01:52:56 CEST.

Flavor Version Tinstall Tcheck Ttotal Status Flags
r-devel-linux-x86_64-debian-clang 2.0.0 26.14 58.26 84.40 OK
r-devel-linux-x86_64-debian-gcc 2.0.0 20.97 46.20 67.17 OK
r-devel-linux-x86_64-fedora-clang 2.0.0 91.14 OK
r-devel-linux-x86_64-fedora-gcc 2.0.0 110.31 OK
r-devel-windows-ix86+x86_64 2.0.0 50.00 70.00 120.00 OK
r-patched-linux-x86_64 2.0.0 24.41 57.18 81.59 OK
r-patched-osx-x86_64 2.0.0 OK
r-patched-solaris-x86 2.0.0 138.60 WARN
r-release-linux-x86_64 2.0.0 22.89 53.87 76.76 OK
r-release-windows-ix86+x86_64 2.0.0 42.00 123.00 165.00 OK
r-release-osx-x86_64 2.0.0 OK
r-oldrel-windows-ix86+x86_64 2.0.0 27.00 62.00 89.00 OK
r-oldrel-osx-x86_64 2.0.0 OK

Check Details

Version: 2.0.0
Check: for unstated dependencies in ‘tests’
Result: WARN
    Warning in deparse(e[[2L]]) :
     it is not known that wchar_t is Unicode on this platform
    Warning in deparse(e[[2L]]) :
     it is not known that wchar_t is Unicode on this platform
    Warning in deparse(e[[2L]]) :
     it is not known that wchar_t is Unicode on this platform
    Warning in deparse(e[[2L]]) :
     it is not known that wchar_t is Unicode on this platform
Flavor: r-patched-solaris-x86