CRAN Package Check Results for Package bdl

Last updated on 2020-04-25 01:52:56 CEST.

Flavor Version Tinstall Tcheck Ttotal Status Flags
r-devel-linux-x86_64-debian-clang 1.0.2 17.36 152.27 169.63 OK
r-devel-linux-x86_64-debian-gcc 1.0.2 14.95 116.33 131.28 OK
r-devel-linux-x86_64-fedora-clang 1.0.2 183.19 OK
r-devel-linux-x86_64-fedora-gcc 1.0.2 183.27 OK
r-devel-windows-ix86+x86_64 1.0.2 66.00 172.00 238.00 OK
r-patched-linux-x86_64 1.0.2 15.76 145.51 161.27 OK
r-patched-osx-x86_64 1.0.2 WARN
r-patched-solaris-x86 1.0.2 296.30 OK
r-release-linux-x86_64 1.0.2 10.93 132.17 143.10 OK
r-release-windows-ix86+x86_64 1.0.2 53.00 261.00 314.00 OK
r-release-osx-x86_64 1.0.2 OK
r-oldrel-windows-ix86+x86_64 1.0.2 18.00 159.00 177.00 ERROR
r-oldrel-osx-x86_64 1.0.1 OK

Check Details

Version: 1.0.2
Check: re-building of vignette outputs
Result: WARN
    Error(s) in re-building vignettes:
     ...
    --- re-building ‘bdl.Rmd’ using rmarkdown
    dyld: lazy symbol binding failed: Symbol not found: ____chkstk_darwin
     Referenced from: /usr/local/bin/pandoc (which was built for Mac OS X 10.15)
     Expected in: /usr/lib/libSystem.B.dylib
    
    dyld: Symbol not found: ____chkstk_darwin
     Referenced from: /usr/local/bin/pandoc (which was built for Mac OS X 10.15)
     Expected in: /usr/lib/libSystem.B.dylib
    
    Error: processing vignette 'bdl.Rmd' failed with diagnostics:
    pandoc document conversion failed with error 6
    --- failed re-building ‘bdl.Rmd’
    
    SUMMARY: processing the following file failed:
     ‘bdl.Rmd’
    
    Error: Vignette re-building failed.
    Execution halted
Flavor: r-patched-osx-x86_64

Version: 1.0.2
Check: tests
Result: ERROR
     Running 'testthat.R' [10s]
    Running the tests in 'tests/testthat.R' failed.
    Complete output:
     > Sys.setenv("R_TESTS" = "")
     > library(testthat)
     > library(bdl)
     >
     > test_check("bdl")
     -- 1. Error: (unknown) (@test-requests.R#23) ----------------------------------
     Failure to get data. Probably query reached data limits. Status code: 429.
     Backtrace:
     1. bdl::get_request(dir = dir, id = vid, filters = filters)
    
     == testthat results ===========================================================
     [ OK: 5 | SKIPPED: 0 | WARNINGS: 0 | FAILED: 1 ]
     1. Error: (unknown) (@test-requests.R#23)
    
     Error: testthat unit tests failed
     Execution halted
Flavor: r-oldrel-windows-ix86+x86_64