CRAN Package Check Results for Package baytrends

Last updated on 2020-04-25 01:52:55 CEST.

Flavor Version Tinstall Tcheck Ttotal Status Flags
r-devel-linux-x86_64-debian-clang 1.2.1 33.61 191.06 224.67 OK
r-devel-linux-x86_64-debian-gcc 1.2.1 28.17 146.05 174.22 OK
r-devel-linux-x86_64-fedora-clang 1.2.1 269.07 OK
r-devel-linux-x86_64-fedora-gcc 1.2.1 273.24 OK
r-devel-windows-ix86+x86_64 1.2.1 80.00 199.00 279.00 OK
r-patched-linux-x86_64 1.2.1 28.53 187.24 215.77 OK
r-patched-osx-x86_64 1.2.1 WARN
r-patched-solaris-x86 1.2.1 370.20 OK
r-release-linux-x86_64 1.2.1 28.98 168.49 197.47 OK
r-release-windows-ix86+x86_64 1.2.1 64.00 182.00 246.00 OK
r-release-osx-x86_64 1.2.1 OK
r-oldrel-windows-ix86+x86_64 1.2.1 37.00 245.00 282.00 OK
r-oldrel-osx-x86_64 1.1.0 OK

Check Details

Version: 1.2.1
Check: re-building of vignette outputs
Result: WARN
    Error(s) in re-building vignettes:
    --- re-building ‘create_Seasonally_Detrended_Flow_and_Salinity_Data_Sets.Rmd’ using rmarkdown
    dyld: lazy symbol binding failed: Symbol not found: ____chkstk_darwin
     Referenced from: /usr/local/bin/pandoc (which was built for Mac OS X 10.15)
     Expected in: /usr/lib/libSystem.B.dylib
    
    dyld: Symbol not found: ____chkstk_darwin
     Referenced from: /usr/local/bin/pandoc (which was built for Mac OS X 10.15)
     Expected in: /usr/lib/libSystem.B.dylib
    
    Error: processing vignette 'create_Seasonally_Detrended_Flow_and_Salinity_Data_Sets.Rmd' failed with diagnostics:
    pandoc document conversion failed with error 6
    --- failed re-building ‘create_Seasonally_Detrended_Flow_and_Salinity_Data_Sets.Rmd’
    
    --- re-building ‘vignette_qw.Rmd’ using rmarkdown
    Loading required package: lubridate
    
    Attaching package: 'lubridate'
    
    The following object is masked from 'package:base':
    
     date
    
    Loading required package: mgcv
    Loading required package: nlme
    This is mgcv 1.8-31. For overview type 'help("mgcv-package")'.
    **baytrends v1.2.1 Notice.** This software program is preliminary or provisional and is subject to revision. This software program is for testing only, no warranty, expressed or implied, is made as to the accuracy and functioning of the program and related program material nor shall the fact of distribution constitute any such warranty, and no responsibility is assumed in connection therewith. This software is provided 'AS IS.'
    
    Attaching package: 'baytrends'
    
    The following object is masked from 'package:utils':
    
     View
    
    dyld: lazy symbol binding failed: Symbol not found: ____chkstk_darwin
     Referenced from: /usr/local/bin/pandoc (which was built for Mac OS X 10.15)
     Expected in: /usr/lib/libSystem.B.dylib
    
    dyld: Symbol not found: ____chkstk_darwin
     Referenced from: /usr/local/bin/pandoc (which was built for Mac OS X 10.15)
     Expected in: /usr/lib/libSystem.B.dylib
    
    Error: processing vignette 'vignette_qw.Rmd' failed with diagnostics:
    pandoc document conversion failed with error 6
    --- failed re-building ‘vignette_qw.Rmd’
    
    SUMMARY: processing the following files failed:
     ‘create_Seasonally_Detrended_Flow_and_Salinity_Data_Sets.Rmd’
     ‘vignette_qw.Rmd’
    
    Error: Vignette re-building failed.
    Execution halted
Flavor: r-patched-osx-x86_64