CRAN Package Check Results for Package bayesplot

Last updated on 2020-04-25 01:52:55 CEST.

Flavor Version Tinstall Tcheck Ttotal Status Flags
r-devel-linux-x86_64-debian-clang 1.7.1 13.55 305.68 319.23 NOTE
r-devel-linux-x86_64-debian-gcc 1.7.1 11.61 218.08 229.69 OK
r-devel-linux-x86_64-fedora-clang 1.7.1 357.45 NOTE
r-devel-linux-x86_64-fedora-gcc 1.7.1 362.49 OK
r-devel-windows-ix86+x86_64 1.7.1 31.00 265.00 296.00 NOTE
r-patched-linux-x86_64 1.7.1 13.50 286.03 299.53 OK
r-patched-osx-x86_64 1.7.1 WARN
r-patched-solaris-x86 1.7.1 395.70 NOTE
r-release-linux-x86_64 1.7.1 11.86 235.27 247.13 ERROR
r-release-windows-ix86+x86_64 1.7.1 28.00 408.00 436.00 NOTE
r-release-osx-x86_64 1.7.1 NOTE
r-oldrel-windows-ix86+x86_64 1.7.1 18.00 299.00 317.00 NOTE
r-oldrel-osx-x86_64 1.7.1 NOTE

Check Details

Version: 1.7.1
Check: package dependencies
Result: NOTE
    Package suggested but not available for checking: 'vdiffr'
Flavors: r-devel-linux-x86_64-debian-clang, r-patched-solaris-x86

Version: 1.7.1
Check: installed package size
Result: NOTE
     installed size is 6.6Mb
     sub-directories of 1Mb or more:
     R 1.8Mb
     doc 4.1Mb
Flavors: r-devel-linux-x86_64-fedora-clang, r-devel-windows-ix86+x86_64, r-patched-osx-x86_64, r-patched-solaris-x86, r-release-windows-ix86+x86_64, r-release-osx-x86_64, r-oldrel-windows-ix86+x86_64, r-oldrel-osx-x86_64

Version: 1.7.1
Check: re-building of vignette outputs
Result: WARN
    Error(s) in re-building vignettes:
    --- re-building ‘graphical-ppcs.Rmd’ using rmarkdown
    dyld: lazy symbol binding failed: Symbol not found: ____chkstk_darwin
     Referenced from: /usr/local/bin/pandoc (which was built for Mac OS X 10.15)
     Expected in: /usr/lib/libSystem.B.dylib
    
    dyld: Symbol not found: ____chkstk_darwin
     Referenced from: /usr/local/bin/pandoc (which was built for Mac OS X 10.15)
     Expected in: /usr/lib/libSystem.B.dylib
    
    Error: processing vignette 'graphical-ppcs.Rmd' failed with diagnostics:
    pandoc document conversion failed with error 6
    --- failed re-building ‘graphical-ppcs.Rmd’
    
    --- re-building ‘plotting-mcmc-draws.Rmd’ using rmarkdown
    dyld: lazy symbol binding failed: Symbol not found: ____chkstk_darwin
     Referenced from: /usr/local/bin/pandoc (which was built for Mac OS X 10.15)
     Expected in: /usr/lib/libSystem.B.dylib
    
    dyld: Symbol not found: ____chkstk_darwin
     Referenced from: /usr/local/bin/pandoc (which was built for Mac OS X 10.15)
     Expected in: /usr/lib/libSystem.B.dylib
    
    Error: processing vignette 'plotting-mcmc-draws.Rmd' failed with diagnostics:
    pandoc document conversion failed with error 6
    --- failed re-building ‘plotting-mcmc-draws.Rmd’
    
    --- re-building ‘visual-mcmc-diagnostics.Rmd’ using rmarkdown
    dyld: lazy symbol binding failed: Symbol not found: ____chkstk_darwin
     Referenced from: /usr/local/bin/pandoc (which was built for Mac OS X 10.15)
     Expected in: /usr/lib/libSystem.B.dylib
    
    dyld: Symbol not found: ____chkstk_darwin
     Referenced from: /usr/local/bin/pandoc (which was built for Mac OS X 10.15)
     Expected in: /usr/lib/libSystem.B.dylib
    
    Error: processing vignette 'visual-mcmc-diagnostics.Rmd' failed with diagnostics:
    pandoc document conversion failed with error 6
    --- failed re-building ‘visual-mcmc-diagnostics.Rmd’
    
    SUMMARY: processing the following files failed:
     ‘graphical-ppcs.Rmd’ ‘plotting-mcmc-draws.Rmd’
     ‘visual-mcmc-diagnostics.Rmd’
    
    Error: Vignette re-building failed.
    Execution halted
Flavor: r-patched-osx-x86_64

Version: 1.7.1
Check: package dependencies
Result: NOTE
    Package suggested but not available for checking: ‘rstanarm’
Flavor: r-release-linux-x86_64

Version: 1.7.1
Check: tests
Result: ERROR
     Running ‘testthat.R’ [79s/86s]
    Running the tests in ‘tests/testthat.R’ failed.
    Complete output:
     > library(testthat)
     > library(bayesplot)
     This is bayesplot version 1.7.1
     - Online documentation and vignettes at mc-stan.org/bayesplot
     - bayesplot theme set to bayesplot::theme_default()
     * Does _not_ affect other ggplot2 plots
     * See ?bayesplot_theme_set for details on theme setting
     >
     > Sys.unsetenv("R_TESTS")
     > test_check("bayesplot")
     ── 1. Error: (unknown) (@test-extractors.R#2) ─────────────────────────────────
     there is no package called 'rstanarm'
     Backtrace:
     1. base::suppressPackageStartupMessages(library(rstanarm))
     3. base::library(rstanarm)
    
     ── 2. Error: prepare_mcmc_array processes non-array input types correctly (@test
     there is no package called 'rstanarm'
     Backtrace:
     1. base::suppressPackageStartupMessages(library(rstanarm))
     3. base::library(rstanarm)
    
     ── 3. Error: (unknown) (@test-mcmc-nuts.R#2) ──────────────────────────────────
     there is no package called 'rstanarm'
     Backtrace:
     1. base::suppressPackageStartupMessages(library(rstanarm))
     3. base::library(rstanarm)
    
     ── 4. Error: (unknown) (@test-mcmc-recover.R#2) ───────────────────────────────
     there is no package called 'rstanarm'
     Backtrace:
     1. base::suppressPackageStartupMessages(library(rstanarm))
     3. base::library(rstanarm)
    
     ── 5. Error: (unknown) (@test-mcmc-scatter-and-parcoord.R#2) ──────────────────
     there is no package called 'rstanarm'
     Backtrace:
     1. base::suppressPackageStartupMessages(library(rstanarm))
     3. base::library(rstanarm)
    
     ── 6. Error: (unknown) (@test-ppc-discrete.R#2) ───────────────────────────────
     there is no package called 'rstanarm'
     Backtrace:
     1. base::suppressPackageStartupMessages(library(rstanarm))
     3. base::library(rstanarm)
    
     ── 7. Error: (unknown) (@test-ppc-loo.R#2) ────────────────────────────────────
     there is no package called 'rstanarm'
     Backtrace:
     1. base::suppressPackageStartupMessages(library(rstanarm))
     3. base::library(rstanarm)
    
     ══ testthat results ═══════════════════════════════════════════════════════════
     [ OK: 789 | SKIPPED: 33 | WARNINGS: 9 | FAILED: 7 ]
     1. Error: (unknown) (@test-extractors.R#2)
     2. Error: prepare_mcmc_array processes non-array input types correctly (@test-helpers-mcmc.R#244)
     3. Error: (unknown) (@test-mcmc-nuts.R#2)
     4. Error: (unknown) (@test-mcmc-recover.R#2)
     5. Error: (unknown) (@test-mcmc-scatter-and-parcoord.R#2)
     6. Error: (unknown) (@test-ppc-discrete.R#2)
     7. Error: (unknown) (@test-ppc-loo.R#2)
    
     Error: testthat unit tests failed
     Execution halted
Flavor: r-release-linux-x86_64