Last updated on 2020-04-25 01:52:55 CEST.
Flavor | Version | Tinstall | Tcheck | Ttotal | Status | Flags |
---|---|---|---|---|---|---|
r-devel-linux-x86_64-debian-clang | 3.1-4 | 635.77 | 430.65 | 1066.42 | OK | |
r-devel-linux-x86_64-debian-gcc | 3.1-4 | 413.26 | 301.16 | 714.42 | OK | |
r-devel-linux-x86_64-fedora-clang | 3.1-4 | 1461.93 | NOTE | |||
r-devel-linux-x86_64-fedora-gcc | 3.1-4 | 1339.07 | OK | |||
r-devel-windows-ix86+x86_64 | 3.1-4 | 1549.00 | 476.00 | 2025.00 | NOTE | |
r-patched-linux-x86_64 | 3.1-4 | 482.66 | 421.40 | 904.06 | OK | |
r-patched-osx-x86_64 | 3.1-4 | NOTE | ||||
r-patched-solaris-x86 | 3.1-4 | 1598.20 | NOTE | |||
r-release-linux-x86_64 | 3.1-4 | 489.72 | 404.72 | 894.44 | OK | |
r-release-windows-ix86+x86_64 | 3.1-4 | 1426.00 | 472.00 | 1898.00 | NOTE | |
r-release-osx-x86_64 | 3.1-4 | NOTE | ||||
r-oldrel-windows-ix86+x86_64 | 3.1-4 | 881.00 | 601.00 | 1482.00 | NOTE | |
r-oldrel-osx-x86_64 | 3.1-4 | NOTE |
Version: 3.1-4
Check: installed package size
Result: NOTE
installed size is 34.7Mb
sub-directories of 1Mb or more:
doc 2.9Mb
libs 30.3Mb
Flavors: r-devel-linux-x86_64-fedora-clang, r-devel-windows-ix86+x86_64, r-patched-osx-x86_64, r-patched-solaris-x86, r-release-windows-ix86+x86_64, r-release-osx-x86_64, r-oldrel-windows-ix86+x86_64, r-oldrel-osx-x86_64