CRAN Package Check Results for Package bayesTFR

Last updated on 2020-04-25 01:52:55 CEST.

Flavor Version Tinstall Tcheck Ttotal Status Flags
r-devel-linux-x86_64-debian-clang 6.4-0 16.53 84.44 100.97 OK
r-devel-linux-x86_64-debian-gcc 6.4-0 12.86 64.37 77.23 OK
r-devel-linux-x86_64-fedora-clang 6.4-0 115.44 NOTE
r-devel-linux-x86_64-fedora-gcc 6.4-0 114.41 OK
r-devel-windows-ix86+x86_64 6.4-0 43.00 107.00 150.00 OK
r-patched-linux-x86_64 6.4-0 14.55 82.88 97.43 OK
r-patched-osx-x86_64 6.4-0 NOTE
r-patched-solaris-x86 6.4-0 164.00 OK
r-release-linux-x86_64 6.4-0 11.60 75.37 86.97 OK
r-release-windows-ix86+x86_64 6.4-0 40.00 111.00 151.00 OK
r-release-osx-x86_64 6.4-0 NOTE
r-oldrel-windows-ix86+x86_64 6.4-0 28.00 151.00 179.00 OK
r-oldrel-osx-x86_64 6.4-0 NOTE

Check Details

Version: 6.4-0
Check: installed package size
Result: NOTE
     installed size is 6.0Mb
     sub-directories of 1Mb or more:
     ex-data 4.7Mb
Flavors: r-devel-linux-x86_64-fedora-clang, r-patched-osx-x86_64, r-release-osx-x86_64, r-oldrel-osx-x86_64