CRAN Package Check Results for Package bayesImageS

Last updated on 2020-04-25 01:52:55 CEST.

Flavor Version Tinstall Tcheck Ttotal Status Flags
r-devel-linux-x86_64-debian-clang 0.6-0 71.68 110.81 182.49 OK
r-devel-linux-x86_64-debian-gcc 0.6-0 54.03 82.64 136.67 OK
r-devel-linux-x86_64-fedora-clang 0.6-0 239.59 NOTE
r-devel-linux-x86_64-fedora-gcc 0.6-0 232.10 OK
r-devel-windows-ix86+x86_64 0.6-0 195.00 142.00 337.00 OK
r-patched-linux-x86_64 0.6-0 59.37 102.24 161.61 OK
r-patched-osx-x86_64 0.6-0 NOTE
r-patched-solaris-x86 0.6-0 299.70 OK
r-release-linux-x86_64 0.6-0 60.04 99.89 159.93 OK
r-release-windows-ix86+x86_64 0.6-0 172.00 136.00 308.00 OK
r-release-osx-x86_64 0.6-0 NOTE
r-oldrel-windows-ix86+x86_64 0.6-0 110.00 175.00 285.00 OK
r-oldrel-osx-x86_64 0.6-0 NOTE

Check Details

Version: 0.6-0
Check: installed package size
Result: NOTE
     installed size is 7.2Mb
     sub-directories of 1Mb or more:
     data 1.6Mb
     libs 4.9Mb
Flavors: r-devel-linux-x86_64-fedora-clang, r-patched-osx-x86_64, r-release-osx-x86_64, r-oldrel-osx-x86_64

Version: 0.6-0
Check: package dependencies
Result: NOTE
    Package suggested but not available for checking: ‘PottsUtils’
Flavor: r-patched-osx-x86_64