CRAN Package Check Results for Package bamlss

Last updated on 2020-04-25 01:52:55 CEST.

Flavor Version Tinstall Tcheck Ttotal Status Flags
r-devel-linux-x86_64-debian-clang 1.1-2 69.02 325.00 394.02 OK
r-devel-linux-x86_64-debian-gcc 1.1-2 53.94 242.99 296.93 OK
r-devel-linux-x86_64-fedora-clang 1.1-2 460.81 NOTE
r-devel-linux-x86_64-fedora-gcc 1.1-2 469.52 NOTE
r-devel-windows-ix86+x86_64 1.1-2 117.00 329.00 446.00 OK
r-patched-linux-x86_64 1.1-2 59.31 317.14 376.45 OK
r-patched-osx-x86_64 1.1-2 NOTE
r-patched-solaris-x86 1.1-2 570.70 NOTE
r-release-linux-x86_64 1.1-2 50.06 286.22 336.28 OK
r-release-windows-ix86+x86_64 1.1-2 108.00 308.00 416.00 OK
r-release-osx-x86_64 1.1-2 NOTE
r-oldrel-windows-ix86+x86_64 1.1-2 70.00 279.00 349.00 OK
r-oldrel-osx-x86_64 1.1-2 NOTE

Check Details

Version: 1.1-2
Check: dependencies in R code
Result: NOTE
    Namespace in Imports field not imported from: ‘raster’
     All declared Imports should be used.
Flavors: r-devel-linux-x86_64-fedora-clang, r-devel-linux-x86_64-fedora-gcc, r-patched-osx-x86_64, r-patched-solaris-x86

Version: 1.1-2
Check: package dependencies
Result: NOTE
    Package suggested but not available for checking: ‘rjags’
Flavor: r-patched-osx-x86_64

Version: 1.1-2
Check: Rd cross-references
Result: NOTE
    Package unavailable to check Rd xrefs: ‘rjags’
Flavor: r-patched-osx-x86_64

Version: 1.1-2
Check: dependencies in R code
Result: NOTE
    No protocol specified
    No protocol specified
    Namespace in Imports field not imported from: ‘raster’
     All declared Imports should be used.
Flavors: r-release-osx-x86_64, r-oldrel-osx-x86_64