CRAN Package Check Results for Package bWGR

Last updated on 2020-04-25 01:52:57 CEST.

Flavor Version Tinstall Tcheck Ttotal Status Flags
r-devel-linux-x86_64-debian-clang 1.6.6 56.69 31.78 88.47 OK
r-devel-linux-x86_64-debian-gcc 1.6.6 39.11 24.77 63.88 OK
r-devel-linux-x86_64-fedora-clang 1.6.6 104.60 NOTE
r-devel-linux-x86_64-fedora-gcc 1.6.6 103.81 OK
r-devel-windows-ix86+x86_64 1.6.6 98.00 66.00 164.00 OK
r-patched-linux-x86_64 1.6.6 47.71 30.93 78.64 OK
r-patched-osx-x86_64 1.6.6 NOTE
r-patched-solaris-x86 1.6.6 110.20 OK
r-release-linux-x86_64 1.6.6 46.45 28.20 74.65 OK
r-release-windows-ix86+x86_64 1.6.6 93.00 59.00 152.00 OK
r-release-osx-x86_64 1.6.6 OK
r-oldrel-windows-ix86+x86_64 1.6.6 61.00 76.00 137.00 OK
r-oldrel-osx-x86_64 1.6.6 OK

Check Details

Version: 1.6.6
Check: installed package size
Result: NOTE
     installed size is 6.5Mb
     sub-directories of 1Mb or more:
     libs 6.3Mb
Flavors: r-devel-linux-x86_64-fedora-clang, r-patched-osx-x86_64