CRAN Package Check Results for Package awsjavasdk

Last updated on 2020-04-25 01:52:55 CEST.

Flavor Version Tinstall Tcheck Ttotal Status Flags
r-devel-linux-x86_64-debian-clang 0.2.0 4.88 63.15 68.03 OK
r-devel-linux-x86_64-debian-gcc 0.2.0 3.60 48.51 52.11 OK
r-devel-linux-x86_64-fedora-clang 0.2.0 77.63 OK
r-devel-linux-x86_64-fedora-gcc 0.2.0 76.50 OK
r-devel-windows-ix86+x86_64 0.2.0 13.00 0.00 13.00 FAIL --no-vignettes
r-patched-linux-x86_64 0.2.0 4.28 62.27 66.55 OK
r-patched-osx-x86_64 0.2.0 OK
r-patched-solaris-x86 0.2.0 162.80 OK
r-release-linux-x86_64 0.2.0 3.46 57.15 60.61 OK
r-release-windows-ix86+x86_64 0.2.0 10.00 1235.00 1245.00 OK --no-vignettes
r-release-osx-x86_64 0.2.0 OK
r-oldrel-windows-ix86+x86_64 0.2.0 5.00 1299.00 1304.00 OK --no-vignettes
r-oldrel-osx-x86_64 0.2.0 OK

Check Details

Version: 0.2.0
Flags: --no-vignettes
Check: tests
Result: FAIL
    Check process probably crashed or hung up for 20 minutes ... killed
    Most likely this happened in the example checks (?),
    if not, ignore the following last lines of example output:
    >
    > flush(stderr()); flush(stdout())
    >
    > ### Name: install_aws_sdk
    > ### Title: Install the AWS Java SDK
    > ### Aliases: install_aws_sdk
    >
    > ### ** Examples
    >
    > ## Not run:
    > ##D install_aws_sdk()
    > ## End(Not run)
    >
    >
    >
    > ### * <FOOTER>
    > ###
    > cleanEx()
    > options(digits = 7L)
    > base::cat("Time elapsed: ", proc.time() - base::get("ptime", pos = 'CheckExEnv'),"\n")
    Time elapsed: 1.18 0.08 1.62 NA NA
    > grDevices::dev.off()
    null device
     1
    > ###
    > ### Local variables: ***
    > ### mode: outline-minor ***
    > ### outline-regexp: "\\(> \\)?### [*]+" ***
    > ### End: ***
    > quit('no')
    ======== End of example output (where/before crash/hang up occured ?) ========
Flavor: r-devel-windows-ix86+x86_64