CRAN Package Check Results for Package assertive

Last updated on 2020-04-25 01:52:55 CEST.

Flavor Version Tinstall Tcheck Ttotal Status Flags
r-devel-linux-x86_64-debian-clang 0.3-5 4.20 37.75 41.95 OK
r-devel-linux-x86_64-debian-gcc 0.3-5 3.10 29.87 32.97 OK
r-devel-linux-x86_64-fedora-clang 0.3-5 51.69 OK
r-devel-linux-x86_64-fedora-gcc 0.3-5 54.32 OK
r-devel-windows-ix86+x86_64 0.3-5 16.00 55.00 71.00 OK
r-patched-linux-x86_64 0.3-5 3.99 37.11 41.10 OK
r-patched-osx-x86_64 0.3-5 WARN
r-patched-solaris-x86 0.3-5 87.90 OK
r-release-linux-x86_64 0.3-5 3.04 34.88 37.92 OK
r-release-windows-ix86+x86_64 0.3-5 14.00 53.00 67.00 OK
r-release-osx-x86_64 0.3-5 OK
r-oldrel-windows-ix86+x86_64 0.3-5 7.00 122.00 129.00 OK
r-oldrel-osx-x86_64 0.3-5 OK

Check Details

Version: 0.3-5
Check: re-building of vignette outputs
Result: WARN
    Error(s) in re-building vignettes:
    --- re-building ‘checking_function_inputs.Rmd’ using rmarkdown
    dyld: lazy symbol binding failed: Symbol not found: ____chkstk_darwin
     Referenced from: /usr/local/bin/pandoc (which was built for Mac OS X 10.15)
     Expected in: /usr/lib/libSystem.B.dylib
    
    dyld: Symbol not found: ____chkstk_darwin
     Referenced from: /usr/local/bin/pandoc (which was built for Mac OS X 10.15)
     Expected in: /usr/lib/libSystem.B.dylib
    
    Error: processing vignette 'checking_function_inputs.Rmd' failed with diagnostics:
    pandoc document conversion failed with error 6
    --- failed re-building ‘checking_function_inputs.Rmd’
    
    --- re-building ‘checklists.Rmd’ using rmarkdown
    dyld: lazy symbol binding failed: Symbol not found: ____chkstk_darwin
     Referenced from: /usr/local/bin/pandoc (which was built for Mac OS X 10.15)
     Expected in: /usr/lib/libSystem.B.dylib
    
    dyld: Symbol not found: ____chkstk_darwin
     Referenced from: /usr/local/bin/pandoc (which was built for Mac OS X 10.15)
     Expected in: /usr/lib/libSystem.B.dylib
    
    Error: processing vignette 'checklists.Rmd' failed with diagnostics:
    pandoc document conversion failed with error 6
    --- failed re-building ‘checklists.Rmd’
    
    --- re-building ‘exercise_answers.Rmd’ using rmarkdown
    dyld: lazy symbol binding failed: Symbol not found: ____chkstk_darwin
     Referenced from: /usr/local/bin/pandoc (which was built for Mac OS X 10.15)
     Expected in: /usr/lib/libSystem.B.dylib
    
    dyld: Symbol not found: ____chkstk_darwin
     Referenced from: /usr/local/bin/pandoc (which was built for Mac OS X 10.15)
     Expected in: /usr/lib/libSystem.B.dylib
    
    Error: processing vignette 'exercise_answers.Rmd' failed with diagnostics:
    pandoc document conversion failed with error 6
    --- failed re-building ‘exercise_answers.Rmd’
    
    --- re-building ‘introduction.Rmd’ using rmarkdown
    dyld: lazy symbol binding failed: Symbol not found: ____chkstk_darwin
     Referenced from: /usr/local/bin/pandoc (which was built for Mac OS X 10.15)
     Expected in: /usr/lib/libSystem.B.dylib
    
    dyld: Symbol not found: ____chkstk_darwin
     Referenced from: /usr/local/bin/pandoc (which was built for Mac OS X 10.15)
     Expected in: /usr/lib/libSystem.B.dylib
    
    Error: processing vignette 'introduction.Rmd' failed with diagnostics:
    pandoc document conversion failed with error 6
    --- failed re-building ‘introduction.Rmd’
    
    SUMMARY: processing the following files failed:
     ‘checking_function_inputs.Rmd’ ‘checklists.Rmd’
     ‘exercise_answers.Rmd’ ‘introduction.Rmd’
    
    Error: Vignette re-building failed.
    Execution halted
Flavor: r-patched-osx-x86_64