CRAN Package Check Results for Package arc

Last updated on 2020-04-25 01:52:55 CEST.

Flavor Version Tinstall Tcheck Ttotal Status Flags
r-devel-linux-x86_64-debian-clang 1.2 10.69 82.36 93.05 OK
r-devel-linux-x86_64-debian-gcc 1.2 8.31 63.75 72.06 OK
r-devel-linux-x86_64-fedora-clang 1.2 109.96 OK
r-devel-linux-x86_64-fedora-gcc 1.2 110.92 OK
r-devel-windows-ix86+x86_64 1.2 23.00 89.00 112.00 OK
r-patched-linux-x86_64 1.2 9.08 80.10 89.18 OK
r-patched-osx-x86_64 1.2 OK
r-patched-solaris-x86 1.2 172.10 NOTE
r-release-linux-x86_64 1.2 8.18 73.00 81.18 OK
r-release-windows-ix86+x86_64 1.2 21.00 81.00 102.00 OK
r-release-osx-x86_64 1.2 OK
r-oldrel-windows-ix86+x86_64 1.2 9.00 116.00 125.00 OK
r-oldrel-osx-x86_64 1.2 OK

Check Details

Version: 1.2
Check: package dependencies
Result: NOTE
    Package suggested but not available for checking: ‘qCBA’
Flavor: r-patched-solaris-x86