CRAN Package Check Results for Package apcf

Last updated on 2020-04-25 01:52:55 CEST.

Flavor Version Tinstall Tcheck Ttotal Status Flags
r-devel-linux-x86_64-debian-clang 0.1.4 59.67 47.97 107.64 OK
r-devel-linux-x86_64-debian-gcc 0.1.4 35.38 37.79 73.17 OK
r-devel-linux-x86_64-fedora-clang 0.1.4 151.26 OK
r-devel-linux-x86_64-fedora-gcc 0.1.4 138.38 OK
r-devel-windows-ix86+x86_64 0.1.4 217.00 339.00 556.00 NOTE
r-patched-linux-x86_64 0.1.4 46.84 47.56 94.40 OK
r-patched-osx-x86_64 0.1.4 NOTE
r-patched-solaris-x86 0.1.4 192.20 OK
r-release-linux-x86_64 0.1.4 43.96 45.78 89.74 OK
r-release-windows-ix86+x86_64 0.1.4 203.00 365.00 568.00 NOTE
r-release-osx-x86_64 0.1.4 NOTE
r-oldrel-windows-ix86+x86_64 0.1.4 157.00 472.00 629.00 NOTE
r-oldrel-osx-x86_64 0.1.4 NOTE

Check Details

Version: 0.1.4
Check: installed package size
Result: NOTE
     installed size is 73.7Mb
     sub-directories of 1Mb or more:
     gdal 3.8Mb
     libs 69.5Mb
Flavors: r-devel-windows-ix86+x86_64, r-patched-osx-x86_64, r-release-windows-ix86+x86_64, r-release-osx-x86_64, r-oldrel-windows-ix86+x86_64, r-oldrel-osx-x86_64