Last updated on 2020-04-25 01:52:55 CEST.
Flavor | Version | Tinstall | Tcheck | Ttotal | Status | Flags |
---|---|---|---|---|---|---|
r-devel-linux-x86_64-debian-clang | 0.8-18 | 7.99 | 28.64 | 36.63 | OK | |
r-devel-linux-x86_64-debian-gcc | 0.8-18 | 6.76 | 23.05 | 29.81 | OK | |
r-devel-linux-x86_64-fedora-clang | 0.8-18 | 47.74 | OK | |||
r-devel-linux-x86_64-fedora-gcc | 0.8-18 | 49.89 | OK | |||
r-devel-windows-ix86+x86_64 | 0.8-18 | 29.00 | 57.00 | 86.00 | OK | |
r-patched-linux-x86_64 | 0.8-18 | 7.76 | 28.88 | 36.64 | OK | |
r-patched-osx-x86_64 | 0.8-18 | OK | ||||
r-patched-solaris-x86 | 0.8-18 | 85.70 | OK | |||
r-release-linux-x86_64 | 0.8-18 | 7.51 | 27.07 | 34.58 | OK | |
r-release-windows-ix86+x86_64 | 0.8-18 | 34.00 | 70.00 | 104.00 | OK | |
r-release-osx-x86_64 | 0.8-18 | OK | ||||
r-oldrel-windows-ix86+x86_64 | 0.8-16 | 22.00 | 52.00 | 74.00 | OK | |
r-oldrel-osx-x86_64 | 0.8-18 | ERROR |
Version: 0.8-18
Check: whether package can be installed
Result: ERROR
Installation failed.
Flavor: r-oldrel-osx-x86_64