CRAN Package Check Results for Package aliases2entrez

Last updated on 2020-04-25 01:52:54 CEST.

Flavor Version Tinstall Tcheck Ttotal Status Flags
r-devel-linux-x86_64-debian-clang 0.1.0 17.18 130.92 148.10 OK
r-devel-linux-x86_64-debian-gcc 0.1.0 14.99 101.86 116.85 OK
r-devel-linux-x86_64-fedora-clang 0.1.0 178.63 OK
r-devel-linux-x86_64-fedora-gcc 0.1.0 186.48 OK
r-devel-windows-ix86+x86_64 0.1.0 47.00 133.00 180.00 OK
r-patched-linux-x86_64 0.1.0 14.42 127.87 142.29 OK
r-patched-osx-x86_64 0.1.0 ERROR
r-patched-solaris-x86 0.1.0 253.80 OK
r-release-linux-x86_64 0.1.0 12.98 112.50 125.48 OK
r-release-windows-ix86+x86_64 0.1.0 36.00 116.00 152.00 OK
r-release-osx-x86_64 0.1.0 ERROR
r-oldrel-windows-ix86+x86_64 0.1.0 16.00 115.00 131.00 OK
r-oldrel-osx-x86_64 0.1.0 OK

Check Details

Version: 0.1.0
Check: package dependencies
Result: ERROR
    Package required but not available: ‘org.Hs.eg.db’
    
    See section ‘The DESCRIPTION file’ in the ‘Writing R Extensions’
    manual.
Flavors: r-patched-osx-x86_64, r-release-osx-x86_64