CRAN Package Check Results for Package alfr

Last updated on 2020-04-25 01:52:54 CEST.

Flavor Version Tinstall Tcheck Ttotal Status Flags
r-devel-linux-x86_64-debian-clang 1.2.1 2.33 28.46 30.79 OK
r-devel-linux-x86_64-debian-gcc 1.2.1 2.07 23.07 25.14 OK
r-devel-linux-x86_64-fedora-clang 1.2.1 40.08 OK
r-devel-linux-x86_64-fedora-gcc 1.2.1 40.04 OK
r-devel-windows-ix86+x86_64 1.2.1 11.00 54.00 65.00 OK
r-patched-linux-x86_64 1.2.1 2.51 28.84 31.35 OK
r-patched-osx-x86_64 1.2.1 WARN
r-patched-solaris-x86 1.2.1 73.50 OK
r-release-linux-x86_64 1.2.1 1.99 26.74 28.73 OK
r-release-windows-ix86+x86_64 1.2.1 7.00 46.00 53.00 OK
r-release-osx-x86_64 1.2.1 OK
r-oldrel-windows-ix86+x86_64 1.2.1 3.00 72.00 75.00 OK
r-oldrel-osx-x86_64 1.2.1 OK

Check Details

Version: 1.2.1
Check: re-building of vignette outputs
Result: WARN
    Error(s) in re-building vignettes:
     ...
    --- re-building ‘working_with_content.Rmd’ using rmarkdown
    dyld: lazy symbol binding failed: Symbol not found: ____chkstk_darwin
     Referenced from: /usr/local/bin/pandoc (which was built for Mac OS X 10.15)
     Expected in: /usr/lib/libSystem.B.dylib
    
    dyld: Symbol not found: ____chkstk_darwin
     Referenced from: /usr/local/bin/pandoc (which was built for Mac OS X 10.15)
     Expected in: /usr/lib/libSystem.B.dylib
    
    Error: processing vignette 'working_with_content.Rmd' failed with diagnostics:
    pandoc document conversion failed with error 6
    --- failed re-building ‘working_with_content.Rmd’
    
    SUMMARY: processing the following file failed:
     ‘working_with_content.Rmd’
    
    Error: Vignette re-building failed.
    Execution halted
Flavor: r-patched-osx-x86_64